{"id":5297,"date":"2019-01-02T13:45:00","date_gmt":"2019-01-02T13:45:00","guid":{"rendered":"https:\/\/faceensemble.com\/?page_id=5297"},"modified":"2024-11-15T15:12:14","modified_gmt":"2024-11-15T15:12:14","slug":"catalina-carrasco-cv","status":"publish","type":"page","link":"https:\/\/faceensemble.com\/de\/catalina-carrasco-cv\/","title":{"rendered":"Catalina Carrasco CV"},"content":{"rendered":"<h6><img data-recalc-dims=\"1\" loading=\"lazy\" decoding=\"async\" class=\"alignnone  wp-image-959\" src=\"https:\/\/i0.wp.com\/faceensemble.com\/wp-content\/uploads\/2019\/01\/098_GRAVITYLove_cMEYER_ORIGINALS.jpg?resize=179%2C286&#038;ssl=1\" alt=\"GRAVITYLove von Krist\u00f3f Szab\u00f3\" width=\"179\" height=\"286\" \/> Photo: Meyeroriginals<\/h6>\n<p>Catalina Carrasco (Palma de Mallorca, 1976) is an awarded dancer, choreographer &amp; performer.<\/p>\n<p>Catalina studied classical and contemporary dance in Madrid, London, Barcelona and Reykjavik. She graduated in contemporary dance at the University Miguel Hern\u00e1ndez. She approached Butoh, Performance, the German dance theatre, without forgetting the contemporary techniques.<\/p>\n<p>She has worked in Spain with Mariant\u00f2nia Oliver, Auments y Merc\u00e8 Boronat, in Germany with the Hybrida project (Radial System, Sasha Waltz) and F.A.C.E. Szab\u00f3, in Chile with Torres Rojas. She has been awarded twice as best dancer (Esc\u00e8nica &amp; Art Jove).<\/p>\n<p>The starting point of her work is motion research. Searching for the essential and for the transformation of the own body. Her creations are very sincere and rarely leave the spectator untouched. She has been awarded several times on her own, but also collaborating with other artists. She has performed all around Europe, Middle East, South America and Asia.<\/p>\n<p><img data-recalc-dims=\"1\" loading=\"lazy\" decoding=\"async\" class=\"alignnone size-full wp-image-981\" src=\"https:\/\/i0.wp.com\/faceensemble.com\/wp-content\/uploads\/2019\/01\/34.jpg?resize=748%2C539&#038;ssl=1\" alt=\"34\" width=\"748\" height=\"539\" \/><\/p>\n<h6>Photo \u00c1lvaro Maldonado<\/h6>\n<p>Awarded at Salt, Art Jove, Encuentros, Burgos\/New York, Rei Jaume I, Teatre Principal new creators and recently at CENIT for <em>TRAVELLING TO NOWHERE<\/em>, a latest creation in cooperation with Gaspar Morey, she is touring with Gaspar in Spain, Europe and Latin America. Research and non-conformism, technology and involving the audience are characteristic for their collaboration.<\/p>\n<p>&nbsp;<\/p>\n","protected":false},"excerpt":{"rendered":"<p>Photo: Meyeroriginals Catalina Carrasco (Palma de Mallorca, 1976) is an awarded dancer, choreographer &amp; performer. Catalina studied classical and contemporary dance in Madrid, London, Barcelona and Reykjavik. She graduated in contemporary dance at the University Miguel Hern\u00e1ndez. She approached Butoh, Performance, the German dance theatre, without forgetting the contemporary techniques. She has worked in Spain &hellip; <a class=\"more-link\" href=\"https:\/\/faceensemble.com\/de\/catalina-carrasco-cv\/\">Mehr <span class=\"screen-reader-text\">Catalina Carrasco CV<\/span><\/a><\/p>\n","protected":false},"author":12093239,"featured_media":0,"parent":0,"menu_order":0,"comment_status":"closed","ping_status":"closed","template":"","meta":{"_coblocks_attr":"","_coblocks_dimensions":"","_coblocks_responsive_height":"","_coblocks_accordion_ie_support":"","advanced_seo_description":"","jetpack_seo_html_title":"","jetpack_seo_noindex":false,"jetpack_seo_schema_type":"","_wpcom_ai_launchpad_about_page":false,"_wpcom_ai_launchpad_gallery_page":false,"_wpcom_ai_launchpad_contact_page":false,"_wpcom_ai_launchpad_events_page":false,"_wpcom_ai_launchpad_video_page":false,"_wpcom_ai_launchpad_portfolio_piece":false,"footnotes":""},"tags":[],"class_list":["post-5297","page","type-page","status-publish","hentry"],"jetpack_likes_enabled":true,"jetpack_sharing_enabled":true,"jetpack_shortlink":"https:\/\/wp.me\/P7OOTK-1nr","jetpack-related-posts":[{"id":893,"url":"https:\/\/faceensemble.com\/catalina-carrasco-cv\/","url_meta":{"origin":5297,"position":0},"title":"Catalina Carrasco CV","author":"567cool","date":"2. Januar 2019","format":false,"excerpt":"Photo: Meyeroriginals Catalina Carrasco (Palma de Mallorca, 1976) is an awarded dancer, choreographer & performer. Catalina studied classical and contemporary dance in Madrid, London, Barcelona and Reykjavik. She graduated in contemporary dance at the University Miguel Hern\u00e1ndez. She approached Butoh, Performance, the German dance theatre, without forgetting the contemporary techniques.\u2026","rel":"","context":"\u00c4hnlicher Beitrag","block_context":{"text":"\u00c4hnlicher Beitrag","link":""},"img":{"alt_text":"GRAVITYLove von Krist\u00f3f Szab\u00f3","src":"https:\/\/i0.wp.com\/faceensemble.com\/wp-content\/uploads\/2019\/01\/098_GRAVITYLove_cMEYER_ORIGINALS.jpg?resize=350%2C200&ssl=1","width":350,"height":200},"classes":[]},{"id":43,"url":"https:\/\/faceensemble.com\/team\/","url_meta":{"origin":5297,"position":1},"title":"Team &amp; Performers","author":"ivo3d","date":"22. August 2016","format":false,"excerpt":"Team: Krist\u00f3f Szab\u00f3 CV (stage design, choreographer, director) Iv\u00f3 Kov\u00e1cs CV (projection-art, mapping, video) Julia Karl CV (organisation, social media) Emese Kasza CV (costume design) Mike Kleinen CV (photo-art, stage sculptures) Klaus A. Burth CV (graphics) Performers: please scroll down to see the list of appearances of the performers in\u2026","rel":"","context":"\u00c4hnlicher Beitrag","block_context":{"text":"\u00c4hnlicher Beitrag","link":""},"img":{"alt_text":"STRUKTUR1V_fb","src":"https:\/\/i0.wp.com\/faceensemble.com\/wp-content\/uploads\/2016\/08\/struktur1v_fb.jpg?resize=350%2C200&ssl=1","width":350,"height":200,"srcset":"https:\/\/i0.wp.com\/faceensemble.com\/wp-content\/uploads\/2016\/08\/struktur1v_fb.jpg?resize=350%2C200&ssl=1 1x, https:\/\/i0.wp.com\/faceensemble.com\/wp-content\/uploads\/2016\/08\/struktur1v_fb.jpg?resize=525%2C300&ssl=1 1.5x, https:\/\/i0.wp.com\/faceensemble.com\/wp-content\/uploads\/2016\/08\/struktur1v_fb.jpg?resize=700%2C400&ssl=1 2x, https:\/\/i0.wp.com\/faceensemble.com\/wp-content\/uploads\/2016\/08\/struktur1v_fb.jpg?resize=1050%2C600&ssl=1 3x, https:\/\/i0.wp.com\/faceensemble.com\/wp-content\/uploads\/2016\/08\/struktur1v_fb.jpg?resize=1400%2C800&ssl=1 4x"},"classes":[]},{"id":5365,"url":"https:\/\/faceensemble.com\/de\/team-performers\/","url_meta":{"origin":5297,"position":2},"title":"Team &amp; Performers","author":"567cool","date":"22. August 2016","format":false,"excerpt":"Team: Krist\u00f3f Szab\u00f3 CV (stage design, choreographer, director) Iv\u00f3 Kov\u00e1cs CV (projection-art, mapping, video) Julia Karl CV (organisation, social media) Emese Kasza CV (costume design) Mike Kleinen CV (photo-art, stage sculptures) Klaus A. Burth CV (graphics) Performers: please scroll down to see the list of appearances of the performers in\u2026","rel":"","context":"\u00c4hnlicher Beitrag","block_context":{"text":"\u00c4hnlicher Beitrag","link":""},"img":{"alt_text":"","src":"https:\/\/i0.wp.com\/faceensemble.com\/wp-content\/uploads\/2020\/08\/k.szabo-f.a.c.e.-hairy-foto-mike-kleinen-stagemoments-dsc_1494_2100.jpg?resize=350%2C200&ssl=1","width":350,"height":200,"srcset":"https:\/\/i0.wp.com\/faceensemble.com\/wp-content\/uploads\/2020\/08\/k.szabo-f.a.c.e.-hairy-foto-mike-kleinen-stagemoments-dsc_1494_2100.jpg?resize=350%2C200&ssl=1 1x, https:\/\/i0.wp.com\/faceensemble.com\/wp-content\/uploads\/2020\/08\/k.szabo-f.a.c.e.-hairy-foto-mike-kleinen-stagemoments-dsc_1494_2100.jpg?resize=525%2C300&ssl=1 1.5x, https:\/\/i0.wp.com\/faceensemble.com\/wp-content\/uploads\/2020\/08\/k.szabo-f.a.c.e.-hairy-foto-mike-kleinen-stagemoments-dsc_1494_2100.jpg?resize=700%2C400&ssl=1 2x, https:\/\/i0.wp.com\/faceensemble.com\/wp-content\/uploads\/2020\/08\/k.szabo-f.a.c.e.-hairy-foto-mike-kleinen-stagemoments-dsc_1494_2100.jpg?resize=1050%2C600&ssl=1 3x, https:\/\/i0.wp.com\/faceensemble.com\/wp-content\/uploads\/2020\/08\/k.szabo-f.a.c.e.-hairy-foto-mike-kleinen-stagemoments-dsc_1494_2100.jpg?resize=1400%2C800&ssl=1 4x"},"classes":[]},{"id":826,"url":"https:\/\/faceensemble.com\/musiktheater\/","url_meta":{"origin":5297,"position":3},"title":"Musiktheater","author":"567cool","date":"2. Januar 2019","format":false,"excerpt":"GRAVITYLove Please scroll down for the English version Eine Witwe beginnt ein neues Leben. Inspiriert von den Memoiren Claire Golls Premiere in K\u00f6ln, Barnes Crossing, 2014 Photos \u00c1lvaro Maldonado Komponist: Jules Desgoutte | Applied electronic music: Dur\u00e1n V\u00e1zquez & Victor Joaquim | Sound-Art (live) & Performance: Jules Desgoutte | Tanz\u2026","rel":"","context":"\u00c4hnlicher Beitrag","block_context":{"text":"\u00c4hnlicher Beitrag","link":""},"img":{"alt_text":"FACE Szab\u00f3 MixedMediaEnsemble_GRAVITYLove_photo_by Alvaro Maldonado_32","src":"https:\/\/i0.wp.com\/faceensemble.com\/wp-content\/uploads\/2016\/09\/face-szabc3b3-mixedmediaensemble_gravitylove_photo_by-alvaro-maldonado_32.jpg?resize=350%2C200&ssl=1","width":350,"height":200},"classes":[]},{"id":5343,"url":"https:\/\/faceensemble.com\/de\/musiktheater\/","url_meta":{"origin":5297,"position":4},"title":"Musiktheater","author":"567cool","date":"2. Januar 2019","format":false,"excerpt":"GRAVITYLove Please scroll down for the English version Eine Witwe beginnt ein neues Leben. Inspiriert von den Memoiren Claire Golls Premiere in K\u00f6ln, Barnes Crossing, 2014 Photos \u00c1lvaro Maldonado Komponist: Jules Desgoutte | Applied electronic music: Dur\u00e1n V\u00e1zquez & Victor Joaquim | Sound-Art (live) & Performance: Jules Desgoutte | Tanz\u2026","rel":"","context":"\u00c4hnlicher Beitrag","block_context":{"text":"\u00c4hnlicher Beitrag","link":""},"img":{"alt_text":"","src":"https:\/\/i0.wp.com\/faceensemble.com\/wp-content\/uploads\/2019\/01\/226_GRAVITYLove_cMEYER_ORIGINALS.jpg?resize=350%2C200&ssl=1","width":350,"height":200,"srcset":"https:\/\/i0.wp.com\/faceensemble.com\/wp-content\/uploads\/2019\/01\/226_GRAVITYLove_cMEYER_ORIGINALS.jpg?resize=350%2C200&ssl=1 1x, https:\/\/i0.wp.com\/faceensemble.com\/wp-content\/uploads\/2019\/01\/226_GRAVITYLove_cMEYER_ORIGINALS.jpg?resize=525%2C300&ssl=1 1.5x, https:\/\/i0.wp.com\/faceensemble.com\/wp-content\/uploads\/2019\/01\/226_GRAVITYLove_cMEYER_ORIGINALS.jpg?resize=700%2C400&ssl=1 2x, https:\/\/i0.wp.com\/faceensemble.com\/wp-content\/uploads\/2019\/01\/226_GRAVITYLove_cMEYER_ORIGINALS.jpg?resize=1050%2C600&ssl=1 3x"},"classes":[]},{"id":5393,"url":"https:\/\/faceensemble.com\/de\/theatertanz\/","url_meta":{"origin":5297,"position":5},"title":"TheaterTanz","author":"567cool","date":"2. Januar 2019","format":false,"excerpt":"L\u00b4AMOUR FOU II \/ WICCA by Krist\u00f3f Szab\u00f3 With the poem Deer of the Night by Pierre-Jean Jouve Premiere in Cologne at tANZfAKtUR 2015 Photo \u00c1lvaro Maldonado Dancers: Jos\u00e9 S\u00e1nchez, Photini Meletiadis, Kathrin Blume-Wankelmuth, Sara Blasco Guti\u00e9rrez,\u00a0Theresia Erfort | Light:\u00a0Garlef Ke\u00dfler | Projection-Art: Iv\u00f3 Kov\u00e1cs | Poetry: Andr\u00e9 Breton, Pierre-Jean\u2026","rel":"","context":"\u00c4hnlicher Beitrag","block_context":{"text":"\u00c4hnlicher Beitrag","link":""},"img":{"alt_text":"","src":"https:\/\/i0.wp.com\/faceensemble.com\/wp-content\/uploads\/2019\/01\/219_WICCA_cMEYER_ORIGINALS.jpg?resize=350%2C200","width":350,"height":200,"srcset":"https:\/\/i0.wp.com\/faceensemble.com\/wp-content\/uploads\/2019\/01\/219_WICCA_cMEYER_ORIGINALS.jpg?resize=350%2C200 1x, https:\/\/i0.wp.com\/faceensemble.com\/wp-content\/uploads\/2019\/01\/219_WICCA_cMEYER_ORIGINALS.jpg?resize=525%2C300 1.5x, https:\/\/i0.wp.com\/faceensemble.com\/wp-content\/uploads\/2019\/01\/219_WICCA_cMEYER_ORIGINALS.jpg?resize=700%2C400 2x, https:\/\/i0.wp.com\/faceensemble.com\/wp-content\/uploads\/2019\/01\/219_WICCA_cMEYER_ORIGINALS.jpg?resize=1050%2C600 3x, https:\/\/i0.wp.com\/faceensemble.com\/wp-content\/uploads\/2019\/01\/219_WICCA_cMEYER_ORIGINALS.jpg?resize=1400%2C800 4x"},"classes":[]}],"_links":{"self":[{"href":"https:\/\/faceensemble.com\/de\/wp-json\/wp\/v2\/pages\/5297","targetHints":{"allow":["GET"]}}],"collection":[{"href":"https:\/\/faceensemble.com\/de\/wp-json\/wp\/v2\/pages"}],"about":[{"href":"https:\/\/faceensemble.com\/de\/wp-json\/wp\/v2\/types\/page"}],"author":[{"embeddable":true,"href":"https:\/\/faceensemble.com\/de\/wp-json\/wp\/v2\/users\/12093239"}],"replies":[{"embeddable":true,"href":"https:\/\/faceensemble.com\/de\/wp-json\/wp\/v2\/comments?post=5297"}],"version-history":[{"count":1,"href":"https:\/\/faceensemble.com\/de\/wp-json\/wp\/v2\/pages\/5297\/revisions"}],"predecessor-version":[{"id":5298,"href":"https:\/\/faceensemble.com\/de\/wp-json\/wp\/v2\/pages\/5297\/revisions\/5298"}],"wp:attachment":[{"href":"https:\/\/faceensemble.com\/de\/wp-json\/wp\/v2\/media?parent=5297"}],"wp:term":[{"taxonomy":"post_tag","embeddable":true,"href":"https:\/\/faceensemble.com\/de\/wp-json\/wp\/v2\/tags?post=5297"}],"curies":[{"name":"wp","href":"https:\/\/api.w.org\/{rel}","templated":true}]}}

<h6><img data-recalc-dims="1" loading="lazy" decoding="async" class="alignnone  wp-image-959" src="https://i0.wp.com/faceensemble.com/wp-content/uploads/2019/01/098_GRAVITYLove_cMEYER_ORIGINALS.jpg?resize=179%2C286&#038;ssl=1" alt="GRAVITYLove von Kristóf Szabó" width="179" height="286" /> Photo: Meyeroriginals</h6>
<p>Catalina Carrasco (Palma de Mallorca, 1976) is an awarded dancer, choreographer &amp; performer.</p>
<p>Catalina studied classical and contemporary dance in Madrid, London, Barcelona and Reykjavik. She graduated in contemporary dance at the University Miguel Hernández. She approached Butoh, Performance, the German dance theatre, without forgetting the contemporary techniques.</p>
<p>She has worked in Spain with Mariantònia Oliver, Auments y Mercè Boronat, in Germany with the Hybrida project (Radial System, Sasha Waltz) and F.A.C.E. Szabó, in Chile with Torres Rojas. She has been awarded twice as best dancer (Escènica &amp; Art Jove).</p>
<p>The starting point of her work is motion research. Searching for the essential and for the transformation of the own body. Her creations are very sincere and rarely leave the spectator untouched. She has been awarded several times on her own, but also collaborating with other artists. She has performed all around Europe, Middle East, South America and Asia.</p>
<p><img data-recalc-dims="1" loading="lazy" decoding="async" class="alignnone size-full wp-image-981" src="https://i0.wp.com/faceensemble.com/wp-content/uploads/2019/01/34.jpg?resize=748%2C539&#038;ssl=1" alt="34" width="748" height="539" /></p>
<h6>Photo Álvaro Maldonado</h6>
<p>Awarded at Salt, Art Jove, Encuentros, Burgos/New York, Rei Jaume I, Teatre Principal new creators and recently at CENIT for <em>TRAVELLING TO NOWHERE</em>, a latest creation in cooperation with Gaspar Morey, she is touring with Gaspar in Spain, Europe and Latin America. Research and non-conformism, technology and involving the audience are characteristic for their collaboration.</p>
<p>&nbsp;</p>

<p>Photo: Meyeroriginals Catalina Carrasco (Palma de Mallorca, 1976) is an awarded dancer, choreographer &amp; performer. Catalina studied classical and contemporary dance in Madrid, London, Barcelona and Reykjavik. She graduated in contemporary dance at the University Miguel Hernández. She approached Butoh, Performance, the German dance theatre, without forgetting the contemporary techniques. She has worked in Spain &hellip; <a class="more-link" href="https://faceensemble.com/de/catalina-carrasco-cv/">Mehr <span class="screen-reader-text">Catalina Carrasco CV</span></a></p>

Photo: Meyeroriginals Catalina Carrasco (Palma de Mallorca, 1976) is an awarded dancer, choreographer & performer. Catalina studied classical and contemporary dance in Madrid, London, Barcelona and Reykjavik. She graduated in contemporary dance at the University Miguel Hernández. She approached Butoh, Performance, the German dance theatre, without forgetting the contemporary techniques.…

Ähnlicher Beitrag

GRAVITYLove von Kristóf Szabó

Team: Kristóf Szabó CV (stage design, choreographer, director) Ivó Kovács CV (projection-art, mapping, video) Julia Karl CV (organisation, social media) Emese Kasza CV (costume design) Mike Kleinen CV (photo-art, stage sculptures) Klaus A. Burth CV (graphics) Performers: please scroll down to see the list of appearances of the performers in…

GRAVITYLove Please scroll down for the English version Eine Witwe beginnt ein neues Leben. Inspiriert von den Memoiren Claire Golls Premiere in Köln, Barnes Crossing, 2014 Photos Álvaro Maldonado Komponist: Jules Desgoutte | Applied electronic music: Durán Vázquez & Victor Joaquim | Sound-Art (live) & Performance: Jules Desgoutte | Tanz…

FACE Szabó MixedMediaEnsemble_GRAVITYLove_photo_by Alvaro Maldonado_32

L´AMOUR FOU II / WICCA by Kristóf Szabó With the poem Deer of the Night by Pierre-Jean Jouve Premiere in Cologne at tANZfAKtUR 2015 Photo Álvaro Maldonado Dancers: José Sánchez, Photini Meletiadis, Kathrin Blume-Wankelmuth, Sara Blasco Gutiérrez, Theresia Erfort | Light: Garlef Keßler | Projection-Art: Ivó Kovács | Poetry: André Breton, Pierre-Jean…
