{"id":5305,"date":"2019-01-02T13:43:19","date_gmt":"2019-01-02T13:43:19","guid":{"rendered":"https:\/\/faceensemble.com\/?page_id=5305"},"modified":"2024-11-15T15:16:10","modified_gmt":"2024-11-15T15:16:10","slug":"cornelius-engemann-cv","status":"publish","type":"page","link":"https:\/\/faceensemble.com\/de\/cornelius-engemann-cv\/","title":{"rendered":"Cornelius Engemann CV"},"content":{"rendered":"<p><img data-recalc-dims=\"1\" loading=\"lazy\" decoding=\"async\" class=\"alignnone  wp-image-1000\" src=\"https:\/\/i0.wp.com\/faceensemble.com\/wp-content\/uploads\/2019\/01\/cornelius-engemann-kf1494319_gr_1024.jpg?resize=244%2C325&#038;ssl=1\" alt=\"cornelius-engemann-kf1494319_gr_1024\" width=\"244\" height=\"325\" \/><\/p>\n<p>ist Schauspieler.<\/p>\n<p>&nbsp;<\/p>\n<p>&nbsp;<\/p>\n","protected":false},"excerpt":{"rendered":"<p>ist Schauspieler. &nbsp; &nbsp;<\/p>\n","protected":false},"author":12093239,"featured_media":0,"parent":0,"menu_order":0,"comment_status":"closed","ping_status":"closed","template":"","meta":{"_coblocks_attr":"","_coblocks_dimensions":"","_coblocks_responsive_height":"","_coblocks_accordion_ie_support":"","advanced_seo_description":"","jetpack_seo_html_title":"","jetpack_seo_noindex":false,"jetpack_seo_schema_type":"","_wpcom_ai_launchpad_about_page":false,"_wpcom_ai_launchpad_gallery_page":false,"_wpcom_ai_launchpad_contact_page":false,"_wpcom_ai_launchpad_events_page":false,"_wpcom_ai_launchpad_video_page":false,"_wpcom_ai_launchpad_portfolio_piece":false,"footnotes":""},"tags":[],"class_list":["post-5305","page","type-page","status-publish","hentry"],"jetpack_likes_enabled":true,"jetpack_sharing_enabled":true,"jetpack_shortlink":"https:\/\/wp.me\/P7OOTK-1nz","jetpack-related-posts":[{"id":878,"url":"https:\/\/faceensemble.com\/cornelius-engemann-cv\/","url_meta":{"origin":5305,"position":0},"title":"Cornelius Engemann CV","author":"567cool","date":"2. Januar 2019","format":false,"excerpt":"ist Schauspieler. \u00a0 \u00a0","rel":"","context":"\u00c4hnlicher Beitrag","block_context":{"text":"\u00c4hnlicher Beitrag","link":""},"img":{"alt_text":"cornelius-engemann-kf1494319_gr_1024","src":"https:\/\/i0.wp.com\/faceensemble.com\/wp-content\/uploads\/2019\/01\/cornelius-engemann-kf1494319_gr_1024.jpg?resize=350%2C200&ssl=1","width":350,"height":200},"classes":[]},{"id":881,"url":"https:\/\/faceensemble.com\/dimitri-tellis-cv\/","url_meta":{"origin":5305,"position":1},"title":"Dimitri Tellis CV","author":"567cool","date":"2. Januar 2019","format":false,"excerpt":"\u00a0 Dimitri Tellis studierte Schauspiel an der Hochschule f\u00fcr Musik und Theater in Hannover. Nach dem Studium arbeitete er am Schauspiel Bonn u.a. mit\u00a0 Ruth Berghaus und Andr\u00e1s Fricsay zusammen. Seit 2002 ist er in der freien Theaterszene aktiv, war er bis 2016 regelm\u00e4\u00dfig im Theater Tiefrot K\u00f6ln zu sehen.\u2026","rel":"","context":"\u00c4hnlicher Beitrag","block_context":{"text":"\u00c4hnlicher Beitrag","link":""},"img":{"alt_text":"dimitri tellis myfile","src":"https:\/\/i0.wp.com\/faceensemble.com\/wp-content\/uploads\/2019\/01\/dimitri-tellis-myfile.jpg?resize=350%2C200&ssl=1","width":350,"height":200,"srcset":"https:\/\/i0.wp.com\/faceensemble.com\/wp-content\/uploads\/2019\/01\/dimitri-tellis-myfile.jpg?resize=350%2C200&ssl=1 1x, https:\/\/i0.wp.com\/faceensemble.com\/wp-content\/uploads\/2019\/01\/dimitri-tellis-myfile.jpg?resize=525%2C300&ssl=1 1.5x, https:\/\/i0.wp.com\/faceensemble.com\/wp-content\/uploads\/2019\/01\/dimitri-tellis-myfile.jpg?resize=700%2C400&ssl=1 2x, https:\/\/i0.wp.com\/faceensemble.com\/wp-content\/uploads\/2019\/01\/dimitri-tellis-myfile.jpg?resize=1050%2C600&ssl=1 3x, https:\/\/i0.wp.com\/faceensemble.com\/wp-content\/uploads\/2019\/01\/dimitri-tellis-myfile.jpg?resize=1400%2C800&ssl=1 4x"},"classes":[]},{"id":866,"url":"https:\/\/faceensemble.com\/maximilian-von-muhlen-cv\/","url_meta":{"origin":5305,"position":2},"title":"Maximilian von M\u00fchlen CV","author":"567cool","date":"2. Januar 2019","format":false,"excerpt":"Maximilian von M\u00fchlen absolvierte seine Ausbildung an der Hochschule der K\u00fcnste Bern, im Fachbereich Schauspiel. Im Zuge dieser Ausbildung ist es auf Grund des vorgegebenen Lehrplans den Auszubildenden erm\u00f6glicht in vier in ihrem Ansatz differenten sogenannten K\u00f6rperf\u00e4chern, die da w\u00e4ren, Tanz, Akrobatik, sowie Bewegung nach Feldenkrais und Aikido, ihren K\u00f6rper\u2026","rel":"","context":"\u00c4hnlicher Beitrag","block_context":{"text":"\u00c4hnlicher Beitrag","link":""},"img":{"alt_text":"Maxi 1072","src":"https:\/\/i0.wp.com\/faceensemble.com\/wp-content\/uploads\/2019\/01\/Maxi-1072.jpg?resize=350%2C200&ssl=1","width":350,"height":200},"classes":[]},{"id":5339,"url":"https:\/\/faceensemble.com\/de\/maximilian-von-muehlen-cv\/","url_meta":{"origin":5305,"position":3},"title":"Maximilian von M\u00fchlen CV","author":"567cool","date":"2. Januar 2019","format":false,"excerpt":"Maximilian von M\u00fchlen absolvierte seine Ausbildung an der Hochschule der K\u00fcnste Bern, im Fachbereich Schauspiel. Im Zuge dieser Ausbildung ist es auf Grund des vorgegebenen Lehrplans den Auszubildenden erm\u00f6glicht in vier in ihrem Ansatz differenten sogenannten K\u00f6rperf\u00e4chern, die da w\u00e4ren, Tanz, Akrobatik, sowie Bewegung nach Feldenkrais und Aikido, ihren K\u00f6rper\u2026","rel":"","context":"\u00c4hnlicher Beitrag","block_context":{"text":"\u00c4hnlicher Beitrag","link":""},"img":{"alt_text":"","src":"https:\/\/i0.wp.com\/faceensemble.com\/wp-content\/uploads\/2019\/01\/Maximilian-7.jpg?resize=350%2C200&ssl=1","width":350,"height":200,"srcset":"https:\/\/i0.wp.com\/faceensemble.com\/wp-content\/uploads\/2019\/01\/Maximilian-7.jpg?resize=350%2C200&ssl=1 1x, https:\/\/i0.wp.com\/faceensemble.com\/wp-content\/uploads\/2019\/01\/Maximilian-7.jpg?resize=525%2C300&ssl=1 1.5x, https:\/\/i0.wp.com\/faceensemble.com\/wp-content\/uploads\/2019\/01\/Maximilian-7.jpg?resize=700%2C400&ssl=1 2x, https:\/\/i0.wp.com\/faceensemble.com\/wp-content\/uploads\/2019\/01\/Maximilian-7.jpg?resize=1050%2C600&ssl=1 3x, https:\/\/i0.wp.com\/faceensemble.com\/wp-content\/uploads\/2019\/01\/Maximilian-7.jpg?resize=1400%2C800&ssl=1 4x"},"classes":[]},{"id":43,"url":"https:\/\/faceensemble.com\/team\/","url_meta":{"origin":5305,"position":4},"title":"Team &amp; Performers","author":"ivo3d","date":"22. August 2016","format":false,"excerpt":"Team: Krist\u00f3f Szab\u00f3 CV (stage design, choreographer, director) Iv\u00f3 Kov\u00e1cs CV (projection-art, mapping, video) Julia Karl CV (organisation, social media) Emese Kasza CV (costume design) Mike Kleinen CV (photo-art, stage sculptures) Klaus A. Burth CV (graphics) Performers: please scroll down to see the list of appearances of the performers in\u2026","rel":"","context":"\u00c4hnlicher Beitrag","block_context":{"text":"\u00c4hnlicher Beitrag","link":""},"img":{"alt_text":"STRUKTUR1V_fb","src":"https:\/\/i0.wp.com\/faceensemble.com\/wp-content\/uploads\/2016\/08\/struktur1v_fb.jpg?resize=350%2C200&ssl=1","width":350,"height":200,"srcset":"https:\/\/i0.wp.com\/faceensemble.com\/wp-content\/uploads\/2016\/08\/struktur1v_fb.jpg?resize=350%2C200&ssl=1 1x, https:\/\/i0.wp.com\/faceensemble.com\/wp-content\/uploads\/2016\/08\/struktur1v_fb.jpg?resize=525%2C300&ssl=1 1.5x, https:\/\/i0.wp.com\/faceensemble.com\/wp-content\/uploads\/2016\/08\/struktur1v_fb.jpg?resize=700%2C400&ssl=1 2x, https:\/\/i0.wp.com\/faceensemble.com\/wp-content\/uploads\/2016\/08\/struktur1v_fb.jpg?resize=1050%2C600&ssl=1 3x, https:\/\/i0.wp.com\/faceensemble.com\/wp-content\/uploads\/2016\/08\/struktur1v_fb.jpg?resize=1400%2C800&ssl=1 4x"},"classes":[]},{"id":5335,"url":"https:\/\/faceensemble.com\/de\/kindertheater\/","url_meta":{"origin":5305,"position":5},"title":"KINDERTHEATER","author":"567cool","date":"8. Juli 2019","format":false,"excerpt":"Wir freuen uns das St\u00fcck wieder spielen zu k\u00f6nnen! Die aktuellen Spieltermine sind: 8, 9, 15, 16. Oktober 2022 Horizont Theater K\u00f6ln, Th\u00fcrmchenswall 25, 50668 K\u00f6ln Kartentelefon: 0221 - 13 16 04 YOKO - Der falsche Tiger und das Gl\u00fcck \u00fcber den Respekt f\u00fcr die Tiere und \u00fcber die Freundschaft\u2026","rel":"","context":"\u00c4hnlicher Beitrag","block_context":{"text":"\u00c4hnlicher Beitrag","link":""},"img":{"alt_text":"","src":"https:\/\/i0.wp.com\/faceensemble.com\/wp-content\/uploads\/2019\/11\/img_8494_1100.jpg?resize=350%2C200&ssl=1","width":350,"height":200,"srcset":"https:\/\/i0.wp.com\/faceensemble.com\/wp-content\/uploads\/2019\/11\/img_8494_1100.jpg?resize=350%2C200&ssl=1 1x, https:\/\/i0.wp.com\/faceensemble.com\/wp-content\/uploads\/2019\/11\/img_8494_1100.jpg?resize=525%2C300&ssl=1 1.5x, https:\/\/i0.wp.com\/faceensemble.com\/wp-content\/uploads\/2019\/11\/img_8494_1100.jpg?resize=700%2C400&ssl=1 2x, https:\/\/i0.wp.com\/faceensemble.com\/wp-content\/uploads\/2019\/11\/img_8494_1100.jpg?resize=1050%2C600&ssl=1 3x"},"classes":[]}],"_links":{"self":[{"href":"https:\/\/faceensemble.com\/de\/wp-json\/wp\/v2\/pages\/5305","targetHints":{"allow":["GET"]}}],"collection":[{"href":"https:\/\/faceensemble.com\/de\/wp-json\/wp\/v2\/pages"}],"about":[{"href":"https:\/\/faceensemble.com\/de\/wp-json\/wp\/v2\/types\/page"}],"author":[{"embeddable":true,"href":"https:\/\/faceensemble.com\/de\/wp-json\/wp\/v2\/users\/12093239"}],"replies":[{"embeddable":true,"href":"https:\/\/faceensemble.com\/de\/wp-json\/wp\/v2\/comments?post=5305"}],"version-history":[{"count":1,"href":"https:\/\/faceensemble.com\/de\/wp-json\/wp\/v2\/pages\/5305\/revisions"}],"predecessor-version":[{"id":5306,"href":"https:\/\/faceensemble.com\/de\/wp-json\/wp\/v2\/pages\/5305\/revisions\/5306"}],"wp:attachment":[{"href":"https:\/\/faceensemble.com\/de\/wp-json\/wp\/v2\/media?parent=5305"}],"wp:term":[{"taxonomy":"post_tag","embeddable":true,"href":"https:\/\/faceensemble.com\/de\/wp-json\/wp\/v2\/tags?post=5305"}],"curies":[{"name":"wp","href":"https:\/\/api.w.org\/{rel}","templated":true}]}}

Ähnlicher Beitrag

Dimitri Tellis studierte Schauspiel an der Hochschule für Musik und Theater in Hannover. Nach dem Studium arbeitete er am Schauspiel Bonn u.a. mit  Ruth Berghaus und András Fricsay zusammen. Seit 2002 ist er in der freien Theaterszene aktiv, war er bis 2016 regelmäßig im Theater Tiefrot Köln zu sehen.…

Maximilian von Mühlen CV

Maximilian von Mühlen absolvierte seine Ausbildung an der Hochschule der Künste Bern, im Fachbereich Schauspiel. Im Zuge dieser Ausbildung ist es auf Grund des vorgegebenen Lehrplans den Auszubildenden ermöglicht in vier in ihrem Ansatz differenten sogenannten Körperfächern, die da wären, Tanz, Akrobatik, sowie Bewegung nach Feldenkrais und Aikido, ihren Körper…

Team: Kristóf Szabó CV (stage design, choreographer, director) Ivó Kovács CV (projection-art, mapping, video) Julia Karl CV (organisation, social media) Emese Kasza CV (costume design) Mike Kleinen CV (photo-art, stage sculptures) Klaus A. Burth CV (graphics) Performers: please scroll down to see the list of appearances of the performers in…

Wir freuen uns das Stück wieder spielen zu können! Die aktuellen Spieltermine sind: 8, 9, 15, 16. Oktober 2022 Horizont Theater Köln, Thürmchenswall 25, 50668 Köln Kartentelefon: 0221 - 13 16 04 YOKO - Der falsche Tiger und das Glück über den Respekt für die Tiere und über die Freundschaft…
