{"id":5315,"date":"2019-01-02T13:43:55","date_gmt":"2019-01-02T13:43:55","guid":{"rendered":"https:\/\/faceensemble.com\/?page_id=5315"},"modified":"2024-11-15T15:20:35","modified_gmt":"2024-11-15T15:20:35","slug":"felix-von-einem-cv","status":"publish","type":"page","link":"https:\/\/faceensemble.com\/de\/felix-von-einem-cv\/","title":{"rendered":"Felix von Einem CV"},"content":{"rendered":"<p><img data-recalc-dims=\"1\" loading=\"lazy\" decoding=\"async\" class=\"alignnone size-full wp-image-996\" src=\"https:\/\/i0.wp.com\/faceensemble.com\/wp-content\/uploads\/2019\/01\/002_Antigone_FACE_cMEYER_ORIGINALS.jpg?resize=748%2C549&#038;ssl=1\" alt=\"ANTIGONE\" width=\"748\" height=\"549\" \/><\/p>\n<p>ist Schlagzeuger.<\/p>\n<p>&nbsp;<\/p>\n","protected":false},"excerpt":{"rendered":"<p>ist Schlagzeuger. &nbsp;<\/p>\n","protected":false},"author":12093239,"featured_media":0,"parent":0,"menu_order":0,"comment_status":"closed","ping_status":"closed","template":"","meta":{"_coblocks_attr":"","_coblocks_dimensions":"","_coblocks_responsive_height":"","_coblocks_accordion_ie_support":"","advanced_seo_description":"","jetpack_seo_html_title":"","jetpack_seo_noindex":false,"jetpack_seo_schema_type":"","_wpcom_ai_launchpad_about_page":false,"_wpcom_ai_launchpad_gallery_page":false,"_wpcom_ai_launchpad_contact_page":false,"_wpcom_ai_launchpad_events_page":false,"_wpcom_ai_launchpad_video_page":false,"_wpcom_ai_launchpad_portfolio_piece":false,"footnotes":""},"tags":[],"class_list":["post-5315","page","type-page","status-publish","hentry"],"jetpack_likes_enabled":true,"jetpack_sharing_enabled":true,"jetpack_shortlink":"https:\/\/wp.me\/P7OOTK-1nJ","jetpack-related-posts":[{"id":884,"url":"https:\/\/faceensemble.com\/felix-von-einem-cv\/","url_meta":{"origin":5315,"position":0},"title":"Felix von Einem CV","author":"567cool","date":"2. Januar 2019","format":false,"excerpt":"ist Schlagzeuger. \u00a0","rel":"","context":"\u00c4hnlicher Beitrag","block_context":{"text":"\u00c4hnlicher Beitrag","link":""},"img":{"alt_text":"ANTIGONE","src":"https:\/\/i0.wp.com\/faceensemble.com\/wp-content\/uploads\/2019\/01\/002_Antigone_FACE_cMEYER_ORIGINALS.jpg?resize=350%2C200&ssl=1","width":350,"height":200,"srcset":"https:\/\/i0.wp.com\/faceensemble.com\/wp-content\/uploads\/2019\/01\/002_Antigone_FACE_cMEYER_ORIGINALS.jpg?resize=350%2C200&ssl=1 1x, https:\/\/i0.wp.com\/faceensemble.com\/wp-content\/uploads\/2019\/01\/002_Antigone_FACE_cMEYER_ORIGINALS.jpg?resize=525%2C300&ssl=1 1.5x, https:\/\/i0.wp.com\/faceensemble.com\/wp-content\/uploads\/2019\/01\/002_Antigone_FACE_cMEYER_ORIGINALS.jpg?resize=700%2C400&ssl=1 2x, https:\/\/i0.wp.com\/faceensemble.com\/wp-content\/uploads\/2019\/01\/002_Antigone_FACE_cMEYER_ORIGINALS.jpg?resize=1050%2C600&ssl=1 3x, https:\/\/i0.wp.com\/faceensemble.com\/wp-content\/uploads\/2019\/01\/002_Antigone_FACE_cMEYER_ORIGINALS.jpg?resize=1400%2C800&ssl=1 4x"},"classes":[]},{"id":866,"url":"https:\/\/faceensemble.com\/maximilian-von-muhlen-cv\/","url_meta":{"origin":5315,"position":1},"title":"Maximilian von M\u00fchlen CV","author":"567cool","date":"2. Januar 2019","format":false,"excerpt":"Maximilian von M\u00fchlen absolvierte seine Ausbildung an der Hochschule der K\u00fcnste Bern, im Fachbereich Schauspiel. Im Zuge dieser Ausbildung ist es auf Grund des vorgegebenen Lehrplans den Auszubildenden erm\u00f6glicht in vier in ihrem Ansatz differenten sogenannten K\u00f6rperf\u00e4chern, die da w\u00e4ren, Tanz, Akrobatik, sowie Bewegung nach Feldenkrais und Aikido, ihren K\u00f6rper\u2026","rel":"","context":"\u00c4hnlicher Beitrag","block_context":{"text":"\u00c4hnlicher Beitrag","link":""},"img":{"alt_text":"Maxi 1072","src":"https:\/\/i0.wp.com\/faceensemble.com\/wp-content\/uploads\/2019\/01\/Maxi-1072.jpg?resize=350%2C200&ssl=1","width":350,"height":200},"classes":[]},{"id":5339,"url":"https:\/\/faceensemble.com\/de\/maximilian-von-muehlen-cv\/","url_meta":{"origin":5315,"position":2},"title":"Maximilian von M\u00fchlen CV","author":"567cool","date":"2. Januar 2019","format":false,"excerpt":"Maximilian von M\u00fchlen absolvierte seine Ausbildung an der Hochschule der K\u00fcnste Bern, im Fachbereich Schauspiel. Im Zuge dieser Ausbildung ist es auf Grund des vorgegebenen Lehrplans den Auszubildenden erm\u00f6glicht in vier in ihrem Ansatz differenten sogenannten K\u00f6rperf\u00e4chern, die da w\u00e4ren, Tanz, Akrobatik, sowie Bewegung nach Feldenkrais und Aikido, ihren K\u00f6rper\u2026","rel":"","context":"\u00c4hnlicher Beitrag","block_context":{"text":"\u00c4hnlicher Beitrag","link":""},"img":{"alt_text":"","src":"https:\/\/i0.wp.com\/faceensemble.com\/wp-content\/uploads\/2019\/01\/Maximilian-7.jpg?resize=350%2C200&ssl=1","width":350,"height":200,"srcset":"https:\/\/i0.wp.com\/faceensemble.com\/wp-content\/uploads\/2019\/01\/Maximilian-7.jpg?resize=350%2C200&ssl=1 1x, https:\/\/i0.wp.com\/faceensemble.com\/wp-content\/uploads\/2019\/01\/Maximilian-7.jpg?resize=525%2C300&ssl=1 1.5x, https:\/\/i0.wp.com\/faceensemble.com\/wp-content\/uploads\/2019\/01\/Maximilian-7.jpg?resize=700%2C400&ssl=1 2x, https:\/\/i0.wp.com\/faceensemble.com\/wp-content\/uploads\/2019\/01\/Maximilian-7.jpg?resize=1050%2C600&ssl=1 3x, https:\/\/i0.wp.com\/faceensemble.com\/wp-content\/uploads\/2019\/01\/Maximilian-7.jpg?resize=1400%2C800&ssl=1 4x"},"classes":[]},{"id":43,"url":"https:\/\/faceensemble.com\/team\/","url_meta":{"origin":5315,"position":3},"title":"Team &amp; Performers","author":"ivo3d","date":"22. August 2016","format":false,"excerpt":"Team: Krist\u00f3f Szab\u00f3 CV (stage design, choreographer, director) Iv\u00f3 Kov\u00e1cs CV (projection-art, mapping, video) Julia Karl CV (organisation, social media) Emese Kasza CV (costume design) Mike Kleinen CV (photo-art, stage sculptures) Klaus A. Burth CV (graphics) Performers: please scroll down to see the list of appearances of the performers in\u2026","rel":"","context":"\u00c4hnlicher Beitrag","block_context":{"text":"\u00c4hnlicher Beitrag","link":""},"img":{"alt_text":"STRUKTUR1V_fb","src":"https:\/\/i0.wp.com\/faceensemble.com\/wp-content\/uploads\/2016\/08\/struktur1v_fb.jpg?resize=350%2C200&ssl=1","width":350,"height":200,"srcset":"https:\/\/i0.wp.com\/faceensemble.com\/wp-content\/uploads\/2016\/08\/struktur1v_fb.jpg?resize=350%2C200&ssl=1 1x, https:\/\/i0.wp.com\/faceensemble.com\/wp-content\/uploads\/2016\/08\/struktur1v_fb.jpg?resize=525%2C300&ssl=1 1.5x, https:\/\/i0.wp.com\/faceensemble.com\/wp-content\/uploads\/2016\/08\/struktur1v_fb.jpg?resize=700%2C400&ssl=1 2x, https:\/\/i0.wp.com\/faceensemble.com\/wp-content\/uploads\/2016\/08\/struktur1v_fb.jpg?resize=1050%2C600&ssl=1 3x, https:\/\/i0.wp.com\/faceensemble.com\/wp-content\/uploads\/2016\/08\/struktur1v_fb.jpg?resize=1400%2C800&ssl=1 4x"},"classes":[]},{"id":5365,"url":"https:\/\/faceensemble.com\/de\/team-performers\/","url_meta":{"origin":5315,"position":4},"title":"Team &amp; Performers","author":"567cool","date":"22. August 2016","format":false,"excerpt":"Team: Krist\u00f3f Szab\u00f3 CV (stage design, choreographer, director) Iv\u00f3 Kov\u00e1cs CV (projection-art, mapping, video) Julia Karl CV (organisation, social media) Emese Kasza CV (costume design) Mike Kleinen CV (photo-art, stage sculptures) Klaus A. Burth CV (graphics) Performers: please scroll down to see the list of appearances of the performers in\u2026","rel":"","context":"\u00c4hnlicher Beitrag","block_context":{"text":"\u00c4hnlicher Beitrag","link":""},"img":{"alt_text":"","src":"https:\/\/i0.wp.com\/faceensemble.com\/wp-content\/uploads\/2020\/08\/k.szabo-f.a.c.e.-hairy-foto-mike-kleinen-stagemoments-dsc_1494_2100.jpg?resize=350%2C200&ssl=1","width":350,"height":200,"srcset":"https:\/\/i0.wp.com\/faceensemble.com\/wp-content\/uploads\/2020\/08\/k.szabo-f.a.c.e.-hairy-foto-mike-kleinen-stagemoments-dsc_1494_2100.jpg?resize=350%2C200&ssl=1 1x, https:\/\/i0.wp.com\/faceensemble.com\/wp-content\/uploads\/2020\/08\/k.szabo-f.a.c.e.-hairy-foto-mike-kleinen-stagemoments-dsc_1494_2100.jpg?resize=525%2C300&ssl=1 1.5x, https:\/\/i0.wp.com\/faceensemble.com\/wp-content\/uploads\/2020\/08\/k.szabo-f.a.c.e.-hairy-foto-mike-kleinen-stagemoments-dsc_1494_2100.jpg?resize=700%2C400&ssl=1 2x, https:\/\/i0.wp.com\/faceensemble.com\/wp-content\/uploads\/2020\/08\/k.szabo-f.a.c.e.-hairy-foto-mike-kleinen-stagemoments-dsc_1494_2100.jpg?resize=1050%2C600&ssl=1 3x, https:\/\/i0.wp.com\/faceensemble.com\/wp-content\/uploads\/2020\/08\/k.szabo-f.a.c.e.-hairy-foto-mike-kleinen-stagemoments-dsc_1494_2100.jpg?resize=1400%2C800&ssl=1 4x"},"classes":[]},{"id":1361,"url":"https:\/\/faceensemble.com\/kain-2\/","url_meta":{"origin":5315,"position":5},"title":"KAIN meets LUZIFER","author":"567cool","date":"12. Juli 2019","format":false,"excerpt":"https:\/\/vimeo.com\/390273978 bitte anklicken: KAIN meets LUZIFER Text Lord Byron Video Dokumentation in Deutsch \u00a0 Doch ohne Ewiges Leben - wozu Erkenntnis, wozu Wissenschaft? - Mixed-Media-Inszenierung im Geiste der Romantik im Spannungsfeld der digitalen Moderne mit Gem\u00e4lden von C.D.Friedrich, Musik von F. Schubert u.a. Text von Lord Byron (1788-1824) Video-Dokumentation bitte\u2026","rel":"","context":"\u00c4hnlicher Beitrag","block_context":{"text":"\u00c4hnlicher Beitrag","link":""},"img":{"alt_text":"KAIN meets LUZIFER","src":"https:\/\/i0.wp.com\/faceensemble.com\/wp-content\/uploads\/2019\/11\/296_kainmeetsluzifer_cmeyer_originals.jpg?resize=350%2C200&ssl=1","width":350,"height":200},"classes":[]}],"_links":{"self":[{"href":"https:\/\/faceensemble.com\/de\/wp-json\/wp\/v2\/pages\/5315","targetHints":{"allow":["GET"]}}],"collection":[{"href":"https:\/\/faceensemble.com\/de\/wp-json\/wp\/v2\/pages"}],"about":[{"href":"https:\/\/faceensemble.com\/de\/wp-json\/wp\/v2\/types\/page"}],"author":[{"embeddable":true,"href":"https:\/\/faceensemble.com\/de\/wp-json\/wp\/v2\/users\/12093239"}],"replies":[{"embeddable":true,"href":"https:\/\/faceensemble.com\/de\/wp-json\/wp\/v2\/comments?post=5315"}],"version-history":[{"count":1,"href":"https:\/\/faceensemble.com\/de\/wp-json\/wp\/v2\/pages\/5315\/revisions"}],"predecessor-version":[{"id":5316,"href":"https:\/\/faceensemble.com\/de\/wp-json\/wp\/v2\/pages\/5315\/revisions\/5316"}],"wp:attachment":[{"href":"https:\/\/faceensemble.com\/de\/wp-json\/wp\/v2\/media?parent=5315"}],"wp:term":[{"taxonomy":"post_tag","embeddable":true,"href":"https:\/\/faceensemble.com\/de\/wp-json\/wp\/v2\/tags?post=5315"}],"curies":[{"name":"wp","href":"https:\/\/api.w.org\/{rel}","templated":true}]}}

Ähnlicher Beitrag

Maximilian von Mühlen CV

Maximilian von Mühlen absolvierte seine Ausbildung an der Hochschule der Künste Bern, im Fachbereich Schauspiel. Im Zuge dieser Ausbildung ist es auf Grund des vorgegebenen Lehrplans den Auszubildenden ermöglicht in vier in ihrem Ansatz differenten sogenannten Körperfächern, die da wären, Tanz, Akrobatik, sowie Bewegung nach Feldenkrais und Aikido, ihren Körper…

Team: Kristóf Szabó CV (stage design, choreographer, director) Ivó Kovács CV (projection-art, mapping, video) Julia Karl CV (organisation, social media) Emese Kasza CV (costume design) Mike Kleinen CV (photo-art, stage sculptures) Klaus A. Burth CV (graphics) Performers: please scroll down to see the list of appearances of the performers in…

https://vimeo.com/390273978 bitte anklicken: KAIN meets LUZIFER Text Lord Byron Video Dokumentation in Deutsch   Doch ohne Ewiges Leben - wozu Erkenntnis, wozu Wissenschaft? - Mixed-Media-Inszenierung im Geiste der Romantik im Spannungsfeld der digitalen Moderne mit Gemälden von C.D.Friedrich, Musik von F. Schubert u.a. Text von Lord Byron (1788-1824) Video-Dokumentation bitte…
