{"id":5339,"date":"2019-01-02T13:41:48","date_gmt":"2019-01-02T13:41:48","guid":{"rendered":"https:\/\/faceensemble.com\/?page_id=5339"},"modified":"2024-11-15T15:32:42","modified_gmt":"2024-11-15T15:32:42","slug":"maximilian-von-muehlen-cv","status":"publish","type":"page","link":"https:\/\/faceensemble.com\/de\/maximilian-von-muehlen-cv\/","title":{"rendered":"Maximilian von M\u00fchlen CV"},"content":{"rendered":"<p><img data-recalc-dims=\"1\" loading=\"lazy\" decoding=\"async\" class=\"alignnone  wp-image-993\" src=\"https:\/\/i0.wp.com\/faceensemble.com\/wp-content\/uploads\/2019\/01\/Maxi-1072.jpg?resize=263%2C175&#038;ssl=1\" alt=\"Maxi 1072\" width=\"263\" height=\"175\" \/><\/p>\n<p>Maximilian von M\u00fchlen absolvierte seine Ausbildung an der Hochschule der K\u00fcnste Bern, im Fachbereich Schauspiel.<\/p>\n<p>Im Zuge dieser Ausbildung ist es auf Grund des vorgegebenen Lehrplans den Auszubildenden erm\u00f6glicht in vier in ihrem Ansatz differenten sogenannten K\u00f6rperf\u00e4chern, die da w\u00e4ren, Tanz, Akrobatik, sowie Bewegung nach Feldenkrais und Aikido, ihren K\u00f6rper als Ausdrucksmittel kennenzulernen. Unterrichtet in Akrobatik von Enrico Tettamanti, Absolvent des ersten Jahrgangs und sp\u00e4ter auch Dozent der \u201eScuola Teatro Dimitri\u201c, in Tanz von Kiri Haardt, unter anderem von 1996\/97 bis 2006\/07 festes Ensemblemitglied in Bremen unter Susanne Linke und Urs Dietrich, im Bereich Bewegung nach Feldenkrais von Maria Wille H\u00fcbscher und in Aikido unter Renata und Dragisha Jocic.<\/p>\n<p><img data-recalc-dims=\"1\" loading=\"lazy\" decoding=\"async\" class=\"alignnone  wp-image-994\" src=\"https:\/\/i0.wp.com\/faceensemble.com\/wp-content\/uploads\/2019\/01\/Maximilian-7.jpg?resize=662%2C662&#038;ssl=1\" alt=\"Maximilian 7\" width=\"662\" height=\"662\" \/><\/p>\n<p>Die Arbeit mit dem K\u00f6rper ist seither ein wichtiger Bestandteil seines Schaffens. Jede Rolle erfordert auch einen eigenen Gestus, jede Abstraktion eine Pr\u00e4zision. Mittlerweile hat er es zu einem Facettenreichtum gebracht, der nicht selbstverst\u00e4ndlich ist und kann somit vielseitig eingesetzt werden.<\/p>\n<p>Zusammenarbeit mit dem Krist\u00f3f Szab\u00f3 F.A.C.E. Ensemble Visual Performing Arts seit 2016.<\/p>\n","protected":false},"excerpt":{"rendered":"<p>Maximilian von M\u00fchlen absolvierte seine Ausbildung an der Hochschule der K\u00fcnste Bern, im Fachbereich Schauspiel. Im Zuge dieser Ausbildung ist es auf Grund des vorgegebenen Lehrplans den Auszubildenden erm\u00f6glicht in vier in ihrem Ansatz differenten sogenannten K\u00f6rperf\u00e4chern, die da w\u00e4ren, Tanz, Akrobatik, sowie Bewegung nach Feldenkrais und Aikido, ihren K\u00f6rper als Ausdrucksmittel kennenzulernen. Unterrichtet in &hellip; <a class=\"more-link\" href=\"https:\/\/faceensemble.com\/de\/maximilian-von-muehlen-cv\/\">Mehr <span class=\"screen-reader-text\">Maximilian von M\u00fchlen CV<\/span><\/a><\/p>\n","protected":false},"author":12093239,"featured_media":0,"parent":0,"menu_order":0,"comment_status":"closed","ping_status":"closed","template":"","meta":{"_coblocks_attr":"","_coblocks_dimensions":"","_coblocks_responsive_height":"","_coblocks_accordion_ie_support":"","advanced_seo_description":"","jetpack_seo_html_title":"","jetpack_seo_noindex":false,"jetpack_seo_schema_type":"","_wpcom_ai_launchpad_about_page":false,"_wpcom_ai_launchpad_gallery_page":false,"_wpcom_ai_launchpad_contact_page":false,"_wpcom_ai_launchpad_events_page":false,"_wpcom_ai_launchpad_video_page":false,"_wpcom_ai_launchpad_portfolio_piece":false,"footnotes":""},"tags":[],"class_list":["post-5339","page","type-page","status-publish","hentry"],"jetpack_likes_enabled":true,"jetpack_sharing_enabled":true,"jetpack_shortlink":"https:\/\/wp.me\/P7OOTK-1o7","jetpack-related-posts":[{"id":866,"url":"https:\/\/faceensemble.com\/maximilian-von-muhlen-cv\/","url_meta":{"origin":5339,"position":0},"title":"Maximilian von M\u00fchlen CV","author":"567cool","date":"2. Januar 2019","format":false,"excerpt":"Maximilian von M\u00fchlen absolvierte seine Ausbildung an der Hochschule der K\u00fcnste Bern, im Fachbereich Schauspiel. Im Zuge dieser Ausbildung ist es auf Grund des vorgegebenen Lehrplans den Auszubildenden erm\u00f6glicht in vier in ihrem Ansatz differenten sogenannten K\u00f6rperf\u00e4chern, die da w\u00e4ren, Tanz, Akrobatik, sowie Bewegung nach Feldenkrais und Aikido, ihren K\u00f6rper\u2026","rel":"","context":"\u00c4hnlicher Beitrag","block_context":{"text":"\u00c4hnlicher Beitrag","link":""},"img":{"alt_text":"Maxi 1072","src":"https:\/\/i0.wp.com\/faceensemble.com\/wp-content\/uploads\/2019\/01\/Maxi-1072.jpg?resize=350%2C200&ssl=1","width":350,"height":200},"classes":[]},{"id":863,"url":"https:\/\/faceensemble.com\/adrian-castello\/","url_meta":{"origin":5339,"position":1},"title":"Adri\u00e1n Castell\u00f3 CV","author":"567cool","date":"2. Januar 2019","format":false,"excerpt":"Foto\u00a0 Mike Kleinen Adri\u00e1n Castell\u00f3 (TANZ & PERFORMANCE) wurde 1983 in Alicante (ES) geboren. AUSBILDUNG Nach Abschluss seines Studiums der Biologie als Master of Science (M.Sc.) erwarb er 2009 seinen Abschluss in Tanz (T\u00eftulo Profesional de Danza Contempor\u00e1nea) am staatlichen Konservatorium f\u00fcr Tanz in Valencia (ES). Dozenten: Anton Lachky (BE),\u2026","rel":"","context":"\u00c4hnlicher Beitrag","block_context":{"text":"\u00c4hnlicher Beitrag","link":""},"img":{"alt_text":"IMG_4172_1800","src":"https:\/\/i0.wp.com\/faceensemble.com\/wp-content\/uploads\/2018\/10\/img_4172_1800.jpg?resize=350%2C200&ssl=1","width":350,"height":200,"srcset":"https:\/\/i0.wp.com\/faceensemble.com\/wp-content\/uploads\/2018\/10\/img_4172_1800.jpg?resize=350%2C200&ssl=1 1x, https:\/\/i0.wp.com\/faceensemble.com\/wp-content\/uploads\/2018\/10\/img_4172_1800.jpg?resize=525%2C300&ssl=1 1.5x, https:\/\/i0.wp.com\/faceensemble.com\/wp-content\/uploads\/2018\/10\/img_4172_1800.jpg?resize=700%2C400&ssl=1 2x, https:\/\/i0.wp.com\/faceensemble.com\/wp-content\/uploads\/2018\/10\/img_4172_1800.jpg?resize=1050%2C600&ssl=1 3x, https:\/\/i0.wp.com\/faceensemble.com\/wp-content\/uploads\/2018\/10\/img_4172_1800.jpg?resize=1400%2C800&ssl=1 4x"},"classes":[]},{"id":1361,"url":"https:\/\/faceensemble.com\/kain-2\/","url_meta":{"origin":5339,"position":2},"title":"KAIN meets LUZIFER","author":"567cool","date":"12. Juli 2019","format":false,"excerpt":"https:\/\/vimeo.com\/390273978 bitte anklicken: KAIN meets LUZIFER Text Lord Byron Video Dokumentation in Deutsch \u00a0 Doch ohne Ewiges Leben - wozu Erkenntnis, wozu Wissenschaft? - Mixed-Media-Inszenierung im Geiste der Romantik im Spannungsfeld der digitalen Moderne mit Gem\u00e4lden von C.D.Friedrich, Musik von F. Schubert u.a. Text von Lord Byron (1788-1824) Video-Dokumentation bitte\u2026","rel":"","context":"\u00c4hnlicher Beitrag","block_context":{"text":"\u00c4hnlicher Beitrag","link":""},"img":{"alt_text":"KAIN meets LUZIFER","src":"https:\/\/i0.wp.com\/faceensemble.com\/wp-content\/uploads\/2019\/11\/296_kainmeetsluzifer_cmeyer_originals.jpg?resize=350%2C200&ssl=1","width":350,"height":200},"classes":[]},{"id":869,"url":"https:\/\/faceensemble.com\/boschinawacv\/","url_meta":{"origin":5339,"position":3},"title":"BoshiNawa CV","author":"567cool","date":"2. Januar 2019","format":false,"excerpt":"(Foto aus der Mixed-Media-Theater- Produktion - f\u00fcr Infos bitte anklicken KAIN meets LUZIFER\u00a0\u00a0 nach Lord Byron) BoshiNawa interessiert sich schon seit einigen Jahren f\u00fcr die asiatische Fesselkunst Shibari. Shibari hat sehr viele Facetten und Nuancen, die in unterschiedlicher Weise dargestellt werden. Gelernt hat BoshiNawa sein Handwerk bei vielen nationalen und\u2026","rel":"","context":"\u00c4hnlicher Beitrag","block_context":{"text":"\u00c4hnlicher Beitrag","link":""},"img":{"alt_text":"KAIN meets LUZIFER","src":"https:\/\/i0.wp.com\/faceensemble.com\/wp-content\/uploads\/2019\/11\/296_kainmeetsluzifer_cmeyer_originals.jpg?resize=350%2C200&ssl=1","width":350,"height":200},"classes":[]},{"id":2216,"url":"https:\/\/faceensemble.com\/prometheische-kultur\/","url_meta":{"origin":5339,"position":4},"title":"PROMETHEISCHE KULTUR","author":"567cool","date":"29. August 2020","format":false,"excerpt":"K.Szab\u00f3\/F.A.C.E. nach Aischylos\/Marinetti\/Shelley\/Char\/Vukanac\/K. Szab\u00f3 Intermediale Inszenierung https:\/\/vimeo.com\/503937113 Kunst, Design, Technik \u2013 Zeichen ver\u00e4ndern die Wirklichkeit. Prometheus ist das Ur-Zeichen f\u00fcr den Glauben an die Vernunft des Menschen. Hat dieser Glaube noch G\u00fcltigkeit? Foto Julia Karl CV Ein St\u00fcck \u00fcber Prometheus und seinen Glauben, der Mensch w\u00fcrde eine bessere Welt bauen\u2026","rel":"","context":"\u00c4hnlicher Beitrag","block_context":{"text":"\u00c4hnlicher Beitrag","link":""},"img":{"alt_text":"","src":"https:\/\/i0.wp.com\/faceensemble.com\/wp-content\/uploads\/2020\/11\/prometheische-kultur-fotos-juila-karl-12.jpeg?resize=350%2C200&ssl=1","width":350,"height":200,"srcset":"https:\/\/i0.wp.com\/faceensemble.com\/wp-content\/uploads\/2020\/11\/prometheische-kultur-fotos-juila-karl-12.jpeg?resize=350%2C200&ssl=1 1x, https:\/\/i0.wp.com\/faceensemble.com\/wp-content\/uploads\/2020\/11\/prometheische-kultur-fotos-juila-karl-12.jpeg?resize=525%2C300&ssl=1 1.5x, https:\/\/i0.wp.com\/faceensemble.com\/wp-content\/uploads\/2020\/11\/prometheische-kultur-fotos-juila-karl-12.jpeg?resize=700%2C400&ssl=1 2x, https:\/\/i0.wp.com\/faceensemble.com\/wp-content\/uploads\/2020\/11\/prometheische-kultur-fotos-juila-karl-12.jpeg?resize=1050%2C600&ssl=1 3x, https:\/\/i0.wp.com\/faceensemble.com\/wp-content\/uploads\/2020\/11\/prometheische-kultur-fotos-juila-karl-12.jpeg?resize=1400%2C800&ssl=1 4x"},"classes":[]},{"id":5258,"url":"https:\/\/faceensemble.com\/actual\/","url_meta":{"origin":5339,"position":5},"title":"What&#8217;s NEW","author":"ivo3d","date":"19. August 2016","format":false,"excerpt":"actual dates of f.a.c.e. ensemble plays or shows","rel":"","context":"\u00c4hnlicher Beitrag","block_context":{"text":"\u00c4hnlicher Beitrag","link":""},"img":{"alt_text":"","src":"https:\/\/i0.wp.com\/faceensemble.com\/wp-content\/uploads\/2023\/10\/dscf0379_territorium_1.jpg?resize=350%2C200&ssl=1","width":350,"height":200,"srcset":"https:\/\/i0.wp.com\/faceensemble.com\/wp-content\/uploads\/2023\/10\/dscf0379_territorium_1.jpg?resize=350%2C200&ssl=1 1x, https:\/\/i0.wp.com\/faceensemble.com\/wp-content\/uploads\/2023\/10\/dscf0379_territorium_1.jpg?resize=525%2C300&ssl=1 1.5x, https:\/\/i0.wp.com\/faceensemble.com\/wp-content\/uploads\/2023\/10\/dscf0379_territorium_1.jpg?resize=700%2C400&ssl=1 2x, https:\/\/i0.wp.com\/faceensemble.com\/wp-content\/uploads\/2023\/10\/dscf0379_territorium_1.jpg?resize=1050%2C600&ssl=1 3x, https:\/\/i0.wp.com\/faceensemble.com\/wp-content\/uploads\/2023\/10\/dscf0379_territorium_1.jpg?resize=1400%2C800&ssl=1 4x"},"classes":[]}],"_links":{"self":[{"href":"https:\/\/faceensemble.com\/de\/wp-json\/wp\/v2\/pages\/5339","targetHints":{"allow":["GET"]}}],"collection":[{"href":"https:\/\/faceensemble.com\/de\/wp-json\/wp\/v2\/pages"}],"about":[{"href":"https:\/\/faceensemble.com\/de\/wp-json\/wp\/v2\/types\/page"}],"author":[{"embeddable":true,"href":"https:\/\/faceensemble.com\/de\/wp-json\/wp\/v2\/users\/12093239"}],"replies":[{"embeddable":true,"href":"https:\/\/faceensemble.com\/de\/wp-json\/wp\/v2\/comments?post=5339"}],"version-history":[{"count":1,"href":"https:\/\/faceensemble.com\/de\/wp-json\/wp\/v2\/pages\/5339\/revisions"}],"predecessor-version":[{"id":5340,"href":"https:\/\/faceensemble.com\/de\/wp-json\/wp\/v2\/pages\/5339\/revisions\/5340"}],"wp:attachment":[{"href":"https:\/\/faceensemble.com\/de\/wp-json\/wp\/v2\/media?parent=5339"}],"wp:term":[{"taxonomy":"post_tag","embeddable":true,"href":"https:\/\/faceensemble.com\/de\/wp-json\/wp\/v2\/tags?post=5339"}],"curies":[{"name":"wp","href":"https:\/\/api.w.org\/{rel}","templated":true}]}}

Maximilian von Mühlen CV

<p><img data-recalc-dims="1" loading="lazy" decoding="async" class="alignnone  wp-image-993" src="https://i0.wp.com/faceensemble.com/wp-content/uploads/2019/01/Maxi-1072.jpg?resize=263%2C175&#038;ssl=1" alt="Maxi 1072" width="263" height="175" /></p>
<p>Maximilian von Mühlen absolvierte seine Ausbildung an der Hochschule der Künste Bern, im Fachbereich Schauspiel.</p>
<p>Im Zuge dieser Ausbildung ist es auf Grund des vorgegebenen Lehrplans den Auszubildenden ermöglicht in vier in ihrem Ansatz differenten sogenannten Körperfächern, die da wären, Tanz, Akrobatik, sowie Bewegung nach Feldenkrais und Aikido, ihren Körper als Ausdrucksmittel kennenzulernen. Unterrichtet in Akrobatik von Enrico Tettamanti, Absolvent des ersten Jahrgangs und später auch Dozent der „Scuola Teatro Dimitri“, in Tanz von Kiri Haardt, unter anderem von 1996/97 bis 2006/07 festes Ensemblemitglied in Bremen unter Susanne Linke und Urs Dietrich, im Bereich Bewegung nach Feldenkrais von Maria Wille Hübscher und in Aikido unter Renata und Dragisha Jocic.</p>
<p><img data-recalc-dims="1" loading="lazy" decoding="async" class="alignnone  wp-image-994" src="https://i0.wp.com/faceensemble.com/wp-content/uploads/2019/01/Maximilian-7.jpg?resize=662%2C662&#038;ssl=1" alt="Maximilian 7" width="662" height="662" /></p>
<p>Die Arbeit mit dem Körper ist seither ein wichtiger Bestandteil seines Schaffens. Jede Rolle erfordert auch einen eigenen Gestus, jede Abstraktion eine Präzision. Mittlerweile hat er es zu einem Facettenreichtum gebracht, der nicht selbstverständlich ist und kann somit vielseitig eingesetzt werden.</p>
<p>Zusammenarbeit mit dem Kristóf Szabó F.A.C.E. Ensemble Visual Performing Arts seit 2016.</p>

<p>Maximilian von Mühlen absolvierte seine Ausbildung an der Hochschule der Künste Bern, im Fachbereich Schauspiel. Im Zuge dieser Ausbildung ist es auf Grund des vorgegebenen Lehrplans den Auszubildenden ermöglicht in vier in ihrem Ansatz differenten sogenannten Körperfächern, die da wären, Tanz, Akrobatik, sowie Bewegung nach Feldenkrais und Aikido, ihren Körper als Ausdrucksmittel kennenzulernen. Unterrichtet in &hellip; <a class="more-link" href="https://faceensemble.com/de/maximilian-von-muehlen-cv/">Mehr <span class="screen-reader-text">Maximilian von Mühlen CV</span></a></p>

Maximilian von Mühlen absolvierte seine Ausbildung an der Hochschule der Künste Bern, im Fachbereich Schauspiel. Im Zuge dieser Ausbildung ist es auf Grund des vorgegebenen Lehrplans den Auszubildenden ermöglicht in vier in ihrem Ansatz differenten sogenannten Körperfächern, die da wären, Tanz, Akrobatik, sowie Bewegung nach Feldenkrais und Aikido, ihren Körper…

Ähnlicher Beitrag

Adrián Castelló CV

Foto  Mike Kleinen Adrián Castelló (TANZ & PERFORMANCE) wurde 1983 in Alicante (ES) geboren. AUSBILDUNG Nach Abschluss seines Studiums der Biologie als Master of Science (M.Sc.) erwarb er 2009 seinen Abschluss in Tanz (Tïtulo Profesional de Danza Contemporánea) am staatlichen Konservatorium für Tanz in Valencia (ES). Dozenten: Anton Lachky (BE),…

https://vimeo.com/390273978 bitte anklicken: KAIN meets LUZIFER Text Lord Byron Video Dokumentation in Deutsch   Doch ohne Ewiges Leben - wozu Erkenntnis, wozu Wissenschaft? - Mixed-Media-Inszenierung im Geiste der Romantik im Spannungsfeld der digitalen Moderne mit Gemälden von C.D.Friedrich, Musik von F. Schubert u.a. Text von Lord Byron (1788-1824) Video-Dokumentation bitte…

(Foto aus der Mixed-Media-Theater- Produktion - für Infos bitte anklicken KAIN meets LUZIFER   nach Lord Byron) BoshiNawa interessiert sich schon seit einigen Jahren für die asiatische Fesselkunst Shibari. Shibari hat sehr viele Facetten und Nuancen, die in unterschiedlicher Weise dargestellt werden. Gelernt hat BoshiNawa sein Handwerk bei vielen nationalen und…

K.Szabó/F.A.C.E. nach Aischylos/Marinetti/Shelley/Char/Vukanac/K. Szabó Intermediale Inszenierung https://vimeo.com/503937113 Kunst, Design, Technik – Zeichen verändern die Wirklichkeit. Prometheus ist das Ur-Zeichen für den Glauben an die Vernunft des Menschen. Hat dieser Glaube noch Gültigkeit? Foto Julia Karl CV Ein Stück über Prometheus und seinen Glauben, der Mensch würde eine bessere Welt bauen…
