{"id":5345,"date":"2020-08-27T20:27:59","date_gmt":"2020-08-27T20:27:59","guid":{"rendered":"https:\/\/faceensemble.com\/?page_id=5345"},"modified":"2024-11-15T15:35:10","modified_gmt":"2024-11-15T15:35:10","slug":"natalia-voskoboynikova-cv","status":"publish","type":"page","link":"https:\/\/faceensemble.com\/de\/natalia-voskoboynikova-cv\/","title":{"rendered":"Natalia Voskoboynikova CV"},"content":{"rendered":"\r\n<figure class=\"wp-block-image size-large\"><img data-recalc-dims=\"1\" loading=\"lazy\" decoding=\"async\" width=\"748\" height=\"1122\" class=\"wp-image-2194\" src=\"https:\/\/i0.wp.com\/faceensemble.com\/wp-content\/uploads\/2020\/08\/v2_5116-119.jpg?resize=748%2C1122&#038;ssl=1\" alt=\"\" \/><figcaption>Foto Ruth Bruckner<\/figcaption><\/figure>\r\n\r\n\r\n\r\n\r\nDie in Sibirien geborene Allround-Performerin hat Musiktheater an der Hochschule Franz Liszt in Weimar studiert. Schon als Kind versp\u00fcrte sie den Drang sich durch verschiedenste Formen der K\u00fcnste auszudr\u00fccken, wohin sie gegen Ende ihres Gesangsstudiums wieder zur\u00fcckkehrte.\r\n\r\nDurch eine Vielzahl an Kursen, Workshops und Theaterpraxis in verschiedenen Genres, angefangen bei griechischer Trag\u00f6die, \u00fcber barocke Auff\u00fchrungspraxis, Operette, Oper und Musical, fand sie ihre bedeutendste Inspiration im Physical Theatre.\r\n\r\nW\u00e4hrend ihrer engen Zusammenarbeit mit _Song Of The Goat Theater Company_ (Breslau\/London), _Leggere Strutture Art Factory_ (Bologna), _Theater Anu_ (Berlin) und dem _Berlin Dance Intitute_\u00a0entdeckte Natalia v\u00f6llig neue Perspektiven und M\u00f6glichkeiten, sich im Zusammenspiel mit Stimme und Bewegung auszudr\u00fccken. Auf diese Art und Weise erforscht und entwickelt sie ihre ganz individuelle Sprache innerhalb der interdisziplin\u00e4ren Arbeit.\r\n\r\n","protected":false},"excerpt":{"rendered":"<p>Die in Sibirien geborene Allround-Performerin hat Musiktheater an der Hochschule Franz Liszt in Weimar studiert. Schon als Kind versp\u00fcrte sie den Drang sich durch verschiedenste Formen der K\u00fcnste auszudr\u00fccken, wohin sie gegen Ende ihres Gesangsstudiums wieder zur\u00fcckkehrte. Durch eine Vielzahl an Kursen, Workshops und Theaterpraxis in verschiedenen Genres, angefangen bei griechischer Trag\u00f6die, \u00fcber barocke Auff\u00fchrungspraxis, &hellip; <a class=\"more-link\" href=\"https:\/\/faceensemble.com\/de\/natalia-voskoboynikova-cv\/\">Mehr <span class=\"screen-reader-text\">Natalia Voskoboynikova CV<\/span><\/a><\/p>\n","protected":false},"author":12093239,"featured_media":0,"parent":0,"menu_order":0,"comment_status":"closed","ping_status":"closed","template":"","meta":{"_coblocks_attr":"","_coblocks_dimensions":"","_coblocks_responsive_height":"","_coblocks_accordion_ie_support":"","advanced_seo_description":"","jetpack_seo_html_title":"","jetpack_seo_noindex":false,"jetpack_seo_schema_type":"","_wpcom_ai_launchpad_about_page":false,"_wpcom_ai_launchpad_gallery_page":false,"_wpcom_ai_launchpad_contact_page":false,"_wpcom_ai_launchpad_events_page":false,"_wpcom_ai_launchpad_video_page":false,"_wpcom_ai_launchpad_portfolio_piece":false,"footnotes":""},"tags":[],"class_list":["post-5345","page","type-page","status-publish","hentry"],"jetpack_likes_enabled":true,"jetpack_sharing_enabled":true,"jetpack_shortlink":"https:\/\/wp.me\/P7OOTK-1od","jetpack-related-posts":[{"id":2164,"url":"https:\/\/faceensemble.com\/natalia-voskoboynikova\/","url_meta":{"origin":5345,"position":0},"title":"Natalia Voskoboynikova CV","author":"567cool","date":"27. August 2020","format":false,"excerpt":"Foto Ruth Bruckner Die in Sibirien geborene Allround-Performerin hat Musiktheater an der Hochschule Franz Liszt in Weimar studiert. Schon als Kind versp\u00fcrte sie den Drang sich durch verschiedenste Formen der K\u00fcnste auszudr\u00fccken, wohin sie gegen Ende ihres Gesangsstudiums wieder zur\u00fcckkehrte.Durch eine Vielzahl an Kursen, Workshops und Theaterpraxis in verschiedenen Genres,\u2026","rel":"","context":"\u00c4hnlicher Beitrag","block_context":{"text":"\u00c4hnlicher Beitrag","link":""},"img":{"alt_text":"","src":"https:\/\/i0.wp.com\/faceensemble.com\/wp-content\/uploads\/2020\/08\/v2_5116-119.jpg?resize=350%2C200&ssl=1","width":350,"height":200,"srcset":"https:\/\/i0.wp.com\/faceensemble.com\/wp-content\/uploads\/2020\/08\/v2_5116-119.jpg?resize=350%2C200&ssl=1 1x, https:\/\/i0.wp.com\/faceensemble.com\/wp-content\/uploads\/2020\/08\/v2_5116-119.jpg?resize=525%2C300&ssl=1 1.5x, https:\/\/i0.wp.com\/faceensemble.com\/wp-content\/uploads\/2020\/08\/v2_5116-119.jpg?resize=700%2C400&ssl=1 2x, https:\/\/i0.wp.com\/faceensemble.com\/wp-content\/uploads\/2020\/08\/v2_5116-119.jpg?resize=1050%2C600&ssl=1 3x, https:\/\/i0.wp.com\/faceensemble.com\/wp-content\/uploads\/2020\/08\/v2_5116-119.jpg?resize=1400%2C800&ssl=1 4x"},"classes":[]},{"id":86,"url":"https:\/\/faceensemble.com\/team\/karolina-toth-cv\/","url_meta":{"origin":5345,"position":1},"title":"Karolina T\u00f3th CV","author":"ivo3d","date":"3. September 2016","format":false,"excerpt":"Karolina T\u00f3th (Eger\/Ungarn) Karolina T\u00f3th ist in Eger (Ungarn) geboren, wo sie heute am St\u00e4dtischen Tanzensemble ein festes Engagement als Solo-T\u00e4nzerin hat. Karolina absolvierte ein Studium in Tanz und Tanzp\u00e4dagogik an der Staatlichen Hochschule f\u00fcr Tanz in Budapest und besuchte regelm\u00e4\u00dfig Workshops des Jos\u00e9 Lim\u00f3n Dance Company in Kalifornien. Ihre\u2026","rel":"","context":"\u00c4hnlicher Beitrag","block_context":{"text":"\u00c4hnlicher Beitrag","link":""},"img":{"alt_text":"Karolina_foto","src":"https:\/\/i0.wp.com\/faceensemble.com\/wp-content\/uploads\/2016\/09\/karolina_foto.jpg?resize=350%2C200&ssl=1","width":350,"height":200},"classes":[]},{"id":1020,"url":"https:\/\/faceensemble.com\/brigitte-kupper\/","url_meta":{"origin":5345,"position":2},"title":"Brigitte K\u00fcpper CV","author":"567cool","date":"3. Januar 2019","format":false,"excerpt":"Anderweitig an der Posaune, konzentriert sich Brigitte K\u00fcpper aus K\u00f6ln haupts\u00e4chlich auf den experimentellen Umgang mit der Stimme. Ihr Repertoire, verwurzelt in dem Bewusstsein des improvisatorischen Elements urspr\u00fcnglicher Gesangstradition, bewegt sich vom Atem ausgehend zwischen der Verbindung von Klang und Ger\u00e4usch und dem Experimentell-Lautmalerischen bis zur Poesie im improvisierten Text.\u2026","rel":"","context":"\u00c4hnlicher Beitrag","block_context":{"text":"\u00c4hnlicher Beitrag","link":""},"img":{"alt_text":"brigitte","src":"https:\/\/i0.wp.com\/faceensemble.com\/wp-content\/uploads\/2019\/01\/brigitte.png?resize=350%2C200&ssl=1","width":350,"height":200},"classes":[]},{"id":860,"url":"https:\/\/faceensemble.com\/photini-meletiadis-cv\/","url_meta":{"origin":5345,"position":3},"title":"Photini Meletiadis CV","author":"567cool","date":"2. Januar 2019","format":false,"excerpt":"Photini Meletiadis \u2013 T\u00e4nzerin, Choreographin 2009 schloss sie ihr Diplom in B\u00fchnentanz ab und 2013 ihren \u201aMaster of Arts\u2018 in \u201eTanzvermittlung im zeitgen\u00f6ssischen Kontext\u201c am ZZT, HfMT in K\u00f6ln. Sie ist als T\u00e4nzerin, Choreographin und Tanzp\u00e4dagogin haupts\u00e4chlich im Raum NRW sowie im Ausland t\u00e4tig. Dabei liegt ihr Fokus auf Site-Specific-\u2026","rel":"","context":"\u00c4hnlicher Beitrag","block_context":{"text":"\u00c4hnlicher Beitrag","link":""},"img":{"alt_text":"Georg Kaiser: Gas II","src":"https:\/\/i0.wp.com\/faceensemble.com\/wp-content\/uploads\/2016\/09\/1_263_gazii_cmeyer_originals.jpg?resize=350%2C200&ssl=1","width":350,"height":200},"classes":[]},{"id":89,"url":"https:\/\/faceensemble.com\/team\/emese-kasza-cv\/","url_meta":{"origin":5345,"position":4},"title":"Emese Kasza CV","author":"ivo3d","date":"3. September 2016","format":false,"excerpt":"Emese Kasza (Budapest)\u00a0 Lange wollte sie Architektin werden. Ihre Diplomarbeit an der Moholy-Nagy Hochschule f\u00fcr Angewandte Kunst im Fach Bekleidungsdesign schrieb sie \u00fcber das Verh\u00e4ltnis von Architektur und Design. Den Namen ihres Labels, MEI KAWA, stellte sie spielerisch aus den Buchstaben ihres Namens zusammen. Er bedeutet auf Mandarin \u201eWeine mir\u2026","rel":"","context":"\u00c4hnlicher Beitrag","block_context":{"text":"\u00c4hnlicher Beitrag","link":""},"img":{"alt_text":"Emese Kasza by Marton Kecskes","src":"https:\/\/i0.wp.com\/faceensemble.com\/wp-content\/uploads\/2016\/09\/emese-kasza-by-ma-rton-kecske-s.jpg?resize=350%2C200&ssl=1","width":350,"height":200},"classes":[]},{"id":5401,"url":"https:\/\/faceensemble.com\/de\/yoko-der-falsche-tiger-und-das-glueck\/","url_meta":{"origin":5345,"position":5},"title":"YOKO &#8211; Der falsche Tiger und das Gl\u00fcck","author":"567cool","date":"12. Juli 2019","format":false,"excerpt":"Kom\u00f6die f\u00fcr Kinder und Erwchsene ab 6 Jahren Spieltermine: 8, 9, 15, 16. Oktober 2022 HORIZONT THEATER K\u00f6ln, Th\u00fcrmchenswall 25, 50668 K\u00f6ln KARTENTELEFON: 0221-131604 Zum Anschauen klicken Sie bitte hier Teaser (5 Minuten) Der falsche Tiger und das Gl\u00fcck https:\/\/vimeo.com\/374490941 Informationen s. auch: Krist\u00f3f Szab\u00f3 F.A.C.E. - KINDERTHEATER Fotos Mike\u2026","rel":"","context":"\u00c4hnlicher Beitrag","block_context":{"text":"\u00c4hnlicher Beitrag","link":""},"img":{"alt_text":"","src":"https:\/\/i0.wp.com\/faceensemble.com\/wp-content\/uploads\/2019\/11\/k-szabo-face-der-falsche-tiger-foto-mike-kleinen-7.jpg?resize=350%2C200&ssl=1","width":350,"height":200,"srcset":"https:\/\/i0.wp.com\/faceensemble.com\/wp-content\/uploads\/2019\/11\/k-szabo-face-der-falsche-tiger-foto-mike-kleinen-7.jpg?resize=350%2C200&ssl=1 1x, https:\/\/i0.wp.com\/faceensemble.com\/wp-content\/uploads\/2019\/11\/k-szabo-face-der-falsche-tiger-foto-mike-kleinen-7.jpg?resize=525%2C300&ssl=1 1.5x, https:\/\/i0.wp.com\/faceensemble.com\/wp-content\/uploads\/2019\/11\/k-szabo-face-der-falsche-tiger-foto-mike-kleinen-7.jpg?resize=700%2C400&ssl=1 2x, https:\/\/i0.wp.com\/faceensemble.com\/wp-content\/uploads\/2019\/11\/k-szabo-face-der-falsche-tiger-foto-mike-kleinen-7.jpg?resize=1050%2C600&ssl=1 3x"},"classes":[]}],"_links":{"self":[{"href":"https:\/\/faceensemble.com\/de\/wp-json\/wp\/v2\/pages\/5345","targetHints":{"allow":["GET"]}}],"collection":[{"href":"https:\/\/faceensemble.com\/de\/wp-json\/wp\/v2\/pages"}],"about":[{"href":"https:\/\/faceensemble.com\/de\/wp-json\/wp\/v2\/types\/page"}],"author":[{"embeddable":true,"href":"https:\/\/faceensemble.com\/de\/wp-json\/wp\/v2\/users\/12093239"}],"replies":[{"embeddable":true,"href":"https:\/\/faceensemble.com\/de\/wp-json\/wp\/v2\/comments?post=5345"}],"version-history":[{"count":1,"href":"https:\/\/faceensemble.com\/de\/wp-json\/wp\/v2\/pages\/5345\/revisions"}],"predecessor-version":[{"id":5346,"href":"https:\/\/faceensemble.com\/de\/wp-json\/wp\/v2\/pages\/5345\/revisions\/5346"}],"wp:attachment":[{"href":"https:\/\/faceensemble.com\/de\/wp-json\/wp\/v2\/media?parent=5345"}],"wp:term":[{"taxonomy":"post_tag","embeddable":true,"href":"https:\/\/faceensemble.com\/de\/wp-json\/wp\/v2\/tags?post=5345"}],"curies":[{"name":"wp","href":"https:\/\/api.w.org\/{rel}","templated":true}]}}

<figure class="wp-block-image size-large"><img data-recalc-dims="1" loading="lazy" decoding="async" width="748" height="1122" class="wp-image-2194" src="https://i0.wp.com/faceensemble.com/wp-content/uploads/2020/08/v2_5116-119.jpg?resize=748%2C1122&#038;ssl=1" alt="" /><figcaption>Foto Ruth Bruckner</figcaption></figure>




Die in Sibirien geborene Allround-Performerin hat Musiktheater an der Hochschule Franz Liszt in Weimar studiert. Schon als Kind verspürte sie den Drang sich durch verschiedenste Formen der Künste auszudrücken, wohin sie gegen Ende ihres Gesangsstudiums wieder zurückkehrte.

Durch eine Vielzahl an Kursen, Workshops und Theaterpraxis in verschiedenen Genres, angefangen bei griechischer Tragödie, über barocke Aufführungspraxis, Operette, Oper und Musical, fand sie ihre bedeutendste Inspiration im Physical Theatre.

Während ihrer engen Zusammenarbeit mit _Song Of The Goat Theater Company_ (Breslau/London), _Leggere Strutture Art Factory_ (Bologna), _Theater Anu_ (Berlin) und dem _Berlin Dance Intitute_ entdeckte Natalia völlig neue Perspektiven und Möglichkeiten, sich im Zusammenspiel mit Stimme und Bewegung auszudrücken. Auf diese Art und Weise erforscht und entwickelt sie ihre ganz individuelle Sprache innerhalb der interdisziplinären Arbeit.

<p>Die in Sibirien geborene Allround-Performerin hat Musiktheater an der Hochschule Franz Liszt in Weimar studiert. Schon als Kind verspürte sie den Drang sich durch verschiedenste Formen der Künste auszudrücken, wohin sie gegen Ende ihres Gesangsstudiums wieder zurückkehrte. Durch eine Vielzahl an Kursen, Workshops und Theaterpraxis in verschiedenen Genres, angefangen bei griechischer Tragödie, über barocke Aufführungspraxis, &hellip; <a class="more-link" href="https://faceensemble.com/de/natalia-voskoboynikova-cv/">Mehr <span class="screen-reader-text">Natalia Voskoboynikova CV</span></a></p>

Foto Ruth Bruckner Die in Sibirien geborene Allround-Performerin hat Musiktheater an der Hochschule Franz Liszt in Weimar studiert. Schon als Kind verspürte sie den Drang sich durch verschiedenste Formen der Künste auszudrücken, wohin sie gegen Ende ihres Gesangsstudiums wieder zurückkehrte.Durch eine Vielzahl an Kursen, Workshops und Theaterpraxis in verschiedenen Genres,…

Ähnlicher Beitrag

Karolina Tóth CV

Karolina Tóth (Eger/Ungarn) Karolina Tóth ist in Eger (Ungarn) geboren, wo sie heute am Städtischen Tanzensemble ein festes Engagement als Solo-Tänzerin hat. Karolina absolvierte ein Studium in Tanz und Tanzpädagogik an der Staatlichen Hochschule für Tanz in Budapest und besuchte regelmäßig Workshops des José Limón Dance Company in Kalifornien. Ihre…

Brigitte Küpper CV

Anderweitig an der Posaune, konzentriert sich Brigitte Küpper aus Köln hauptsächlich auf den experimentellen Umgang mit der Stimme. Ihr Repertoire, verwurzelt in dem Bewusstsein des improvisatorischen Elements ursprünglicher Gesangstradition, bewegt sich vom Atem ausgehend zwischen der Verbindung von Klang und Geräusch und dem Experimentell-Lautmalerischen bis zur Poesie im improvisierten Text.…

Photini Meletiadis – Tänzerin, Choreographin 2009 schloss sie ihr Diplom in Bühnentanz ab und 2013 ihren ‚Master of Arts‘ in „Tanzvermittlung im zeitgenössischen Kontext“ am ZZT, HfMT in Köln. Sie ist als Tänzerin, Choreographin und Tanzpädagogin hauptsächlich im Raum NRW sowie im Ausland tätig. Dabei liegt ihr Fokus auf Site-Specific-…

Emese Kasza (Budapest)  Lange wollte sie Architektin werden. Ihre Diplomarbeit an der Moholy-Nagy Hochschule für Angewandte Kunst im Fach Bekleidungsdesign schrieb sie über das Verhältnis von Architektur und Design. Den Namen ihres Labels, MEI KAWA, stellte sie spielerisch aus den Buchstaben ihres Namens zusammen. Er bedeutet auf Mandarin „Weine mir…

YOKO &#8211; Der falsche Tiger und das Glück

Komödie für Kinder und Erwchsene ab 6 Jahren Spieltermine: 8, 9, 15, 16. Oktober 2022 HORIZONT THEATER Köln, Thürmchenswall 25, 50668 Köln KARTENTELEFON: 0221-131604 Zum Anschauen klicken Sie bitte hier Teaser (5 Minuten) Der falsche Tiger und das Glück https://vimeo.com/374490941 Informationen s. auch: Kristóf Szabó F.A.C.E. - KINDERTHEATER Fotos Mike…
