{"id":5407,"date":"2016-08-19T17:34:45","date_gmt":"2016-08-19T17:34:45","guid":{"rendered":"https:\/\/faceensemble.com\/?page_id=5407"},"modified":"2024-11-15T16:04:12","modified_gmt":"2024-11-15T16:04:12","slug":"lmn-homage-to-laszlo-moholy-nagy","status":"publish","type":"page","link":"https:\/\/faceensemble.com\/de\/lmn-homage-to-laszlo-moholy-nagy\/","title":{"rendered":"LMN &#8211; Homage to L\u00e1szl\u00f3 Moholy-Nagy"},"content":{"rendered":"<p lang=\"en-US\" style=\"text-align: left;\"><img data-recalc-dims=\"1\" loading=\"lazy\" decoding=\"async\" class=\"alignnone size-full wp-image-80\" src=\"https:\/\/i0.wp.com\/faceensemble.com\/wp-content\/uploads\/2016\/08\/strkturfbkicsi.jpg?resize=748%2C187&#038;ssl=1\" alt=\"strkturfbkicsi\" width=\"748\" height=\"187\" \/>2016<\/p>\n<p lang=\"en-US\" style=\"text-align: left;\">2th and 3th September<\/p>\n<p style=\"text-align: left;\"><span lang=\"en-US\">L.M.N. &#8211; LIGHT | MOTION | NATURE at BAUHAUS Fest in Dessau<\/span><\/p>\n<p lang=\"en-US\" style=\"text-align: left;\"><span style=\"text-decoration: underline;\"><a href=\"https:\/\/faceensemble.com\/repertoire\/lmn-light-motion-nature\/\" target=\"_blank\" rel=\"noopener\">LMN &#8211; Light, Motion, Nature<\/a> &#8211; in detail.<\/span><\/p>\n<p lang=\"en-US\" style=\"text-align: left;\">festival&#8217;s link:<\/p>\n<p style=\"text-align: left;\"><span style=\"color: #0000ff;\"><u><a href=\"http:\/\/www.bauhaus-dessau.de\/programm-2016.html\"><span lang=\"en-US\">http:\/\/www.bauhaus-dessau.de\/programm-2016.html<\/span><\/a><\/u><\/span><\/p>\n<p style=\"text-align: left;\"><span lang=\"en-US\">After you opened the link please click to page 14<\/span><\/p>\n<p style=\"text-align: left;\">or:<\/p>\n<p style=\"text-align: left;\"><a href=\"http:\/\/issuu.com\/bauhaus\/docs\/bauhausfest_programm_dinlang_web\/15?e=1420614\/37905875\" target=\"_blank\" rel=\"noopener\">http:\/\/issuu.com\/bauhaus\/docs\/bauhausfest_programm_dinlang_web\/15?e=1420614\/37905875<\/a><\/p>\n<p style=\"text-align: left;\">see F.A.C.E. at 3:13 min.:<\/p>\n<div class=\"jetpack-video-wrapper\"><span class=\"embed-youtube\" style=\"text-align:center; display: block;\"><iframe loading=\"lazy\" class=\"youtube-player\" width=\"748\" height=\"421\" src=\"https:\/\/www.youtube.com\/embed\/23rB1LbBE9Q?version=3&#038;rel=1&#038;showsearch=0&#038;showinfo=1&#038;iv_load_policy=1&#038;fs=1&#038;hl=de-DE&#038;autohide=2&#038;start=194&#038;wmode=transparent\" allowfullscreen=\"true\" style=\"border:0;\" sandbox=\"allow-scripts allow-same-origin allow-popups allow-presentation allow-popups-to-escape-sandbox\"><\/iframe><\/span><\/div>\n<p>&nbsp;<\/p>\n<p>&nbsp;<\/p>\n<p>&nbsp;<\/p>\n<p>&nbsp;<\/p>\n<p>&nbsp;<\/p>\n","protected":false},"excerpt":{"rendered":"<p>This is just a short excerpt about your blog. &hellip; <a class=\"more-link\" href=\"https:\/\/faceensemble.com\/de\/lmn-homage-to-laszlo-moholy-nagy\/\">Mehr <span class=\"screen-reader-text\">LMN &#8211; Homage to L\u00e1szl\u00f3 Moholy-Nagy<\/span><\/a><\/p>\n","protected":false},"author":12093239,"featured_media":3200,"parent":0,"menu_order":3,"comment_status":"closed","ping_status":"closed","template":"template-home.php","meta":{"_coblocks_attr":"","_coblocks_dimensions":"","_coblocks_responsive_height":"","_coblocks_accordion_ie_support":"","advanced_seo_description":"","jetpack_seo_html_title":"","jetpack_seo_noindex":false,"jetpack_seo_schema_type":"","_wpcom_ai_launchpad_about_page":false,"_wpcom_ai_launchpad_gallery_page":false,"_wpcom_ai_launchpad_contact_page":false,"_wpcom_ai_launchpad_events_page":false,"_wpcom_ai_launchpad_video_page":false,"_wpcom_ai_launchpad_portfolio_piece":false,"footnotes":""},"tags":[],"class_list":["post-5407","page","type-page","status-publish","has-post-thumbnail","hentry"],"jetpack_likes_enabled":true,"jetpack_sharing_enabled":true,"jetpack_shortlink":"https:\/\/wp.me\/P7OOTK-1pd","jetpack-related-posts":[{"id":143,"url":"https:\/\/faceensemble.com\/repertoire\/lmn-light-motion-nature\/","url_meta":{"origin":5407,"position":0},"title":"LMN &#8211; Light, Motion, Nature","author":"ivo3d","date":"19. September 2016","format":false,"excerpt":"2th and 3th September 2016 LMN | LIGHT | MOTION | NATURE at BAUHAUS Fest in Dessau Link: http:\/\/www.bauhaus-dessau.de\/programm-2016.html After you opened the link please click to page 14 http:\/\/issuu.com\/bauhaus\/docs\/bauhausfest_programm_dinlang_web\/15?e=1420614\/37905875 see F.A.C.E. at 3:13 min.: https:\/\/youtu.be\/23rB1LbBE9Q?t=193","rel":"","context":"In \"2016\"","block_context":{"text":"2016","link":"https:\/\/faceensemble.com\/tag\/2016\/"},"img":{"alt_text":"","src":"https:\/\/i0.wp.com\/img.youtube.com\/vi\/23rB1LbBE9Q\/0.jpg?resize=350%2C200","width":350,"height":200},"classes":[]},{"id":5405,"url":"https:\/\/faceensemble.com\/de\/archive\/lmn-light-motion-nature\/","url_meta":{"origin":5407,"position":1},"title":"LMN &#8211; Light, Motion, Nature","author":"567cool","date":"19. September 2016","format":false,"excerpt":"2th and 3th September 2016 LMN | LIGHT | MOTION | NATURE at BAUHAUS Fest in Dessau Link: http:\/\/www.bauhaus-dessau.de\/programm-2016.html After you opened the link please click to page 14 http:\/\/issuu.com\/bauhaus\/docs\/bauhausfest_programm_dinlang_web\/15?e=1420614\/37905875 see F.A.C.E. at 3:13 min.: https:\/\/youtu.be\/23rB1LbBE9Q?t=193","rel":"","context":"\u00c4hnlicher Beitrag","block_context":{"text":"\u00c4hnlicher Beitrag","link":""},"img":{"alt_text":"","src":"https:\/\/i0.wp.com\/img.youtube.com\/vi\/23rB1LbBE9Q\/0.jpg?resize=350%2C200","width":350,"height":200},"classes":[]},{"id":5,"url":"https:\/\/faceensemble.com\/archive\/","url_meta":{"origin":5407,"position":2},"title":"LMN &#8211; Homage to L\u00e1szl\u00f3 Moholy-Nagy","author":"ivo3d","date":"19. August 2016","format":false,"excerpt":"This is just a short excerpt about your blog.","rel":"","context":"\u00c4hnlicher Beitrag","block_context":{"text":"\u00c4hnlicher Beitrag","link":""},"img":{"alt_text":"","src":"https:\/\/i0.wp.com\/faceensemble.com\/wp-content\/uploads\/2016\/08\/cropped-cropped-louisxiv-reuterscrop.jpg?fit=1200%2C740&ssl=1&resize=350%2C200","width":350,"height":200,"srcset":"https:\/\/i0.wp.com\/faceensemble.com\/wp-content\/uploads\/2016\/08\/cropped-cropped-louisxiv-reuterscrop.jpg?fit=1200%2C740&ssl=1&resize=350%2C200 1x, https:\/\/i0.wp.com\/faceensemble.com\/wp-content\/uploads\/2016\/08\/cropped-cropped-louisxiv-reuterscrop.jpg?fit=1200%2C740&ssl=1&resize=525%2C300 1.5x, https:\/\/i0.wp.com\/faceensemble.com\/wp-content\/uploads\/2016\/08\/cropped-cropped-louisxiv-reuterscrop.jpg?fit=1200%2C740&ssl=1&resize=700%2C400 2x, https:\/\/i0.wp.com\/faceensemble.com\/wp-content\/uploads\/2016\/08\/cropped-cropped-louisxiv-reuterscrop.jpg?fit=1200%2C740&ssl=1&resize=1050%2C600 3x"},"classes":[]},{"id":5403,"url":"https:\/\/faceensemble.com\/de\/archive\/","url_meta":{"origin":5407,"position":3},"title":"ARCHIVE","author":"567cool","date":"19. August 2016","format":false,"excerpt":"This is just a short excerpt for the about\u00a0page.","rel":"","context":"\u00c4hnlicher Beitrag","block_context":{"text":"\u00c4hnlicher Beitrag","link":""},"img":{"alt_text":"","src":"https:\/\/i0.wp.com\/faceensemble.com\/wp-content\/uploads\/2018\/05\/img_6464.jpg?resize=350%2C200&ssl=1","width":350,"height":200,"srcset":"https:\/\/i0.wp.com\/faceensemble.com\/wp-content\/uploads\/2018\/05\/img_6464.jpg?resize=350%2C200&ssl=1 1x, https:\/\/i0.wp.com\/faceensemble.com\/wp-content\/uploads\/2018\/05\/img_6464.jpg?resize=525%2C300&ssl=1 1.5x, https:\/\/i0.wp.com\/faceensemble.com\/wp-content\/uploads\/2018\/05\/img_6464.jpg?resize=700%2C400&ssl=1 2x, https:\/\/i0.wp.com\/faceensemble.com\/wp-content\/uploads\/2018\/05\/img_6464.jpg?resize=1050%2C600&ssl=1 3x"},"classes":[]},{"id":3,"url":"https:\/\/faceensemble.com\/repertoire\/","url_meta":{"origin":5407,"position":4},"title":"ARCHIVE","author":"ivo3d","date":"19. August 2016","format":false,"excerpt":"This is just a short excerpt for the about\u00a0page.","rel":"","context":"In \"3Dmapping\"","block_context":{"text":"3Dmapping","link":"https:\/\/faceensemble.com\/tag\/3dmapping\/"},"img":{"alt_text":"IMG_7885_1_1_web","src":"https:\/\/i0.wp.com\/faceensemble.com\/wp-content\/uploads\/2018\/05\/img_7885_1_1_web.jpg?resize=350%2C200&ssl=1","width":350,"height":200},"classes":[]},{"id":548,"url":"https:\/\/faceensemble.com\/new-production\/","url_meta":{"origin":5407,"position":5},"title":"BORDERS.BIRDS","author":"567cool","date":"17. Juni 2018","format":false,"excerpt":"https:\/\/vimeo.com\/348696507 please scroll down for the English version BORDERS.BIRDS - Homage to the bipolarity of the human being in K\u00f6ln, Orangerie - Theater im Volksgarten Der K\u00f6lner Grenzg\u00e4nger Krist\u00f3f Szab\u00f3 inszeniert Genre \u00fcbergreifend und wurde f\u00fcr den K\u00f6lner Tanz- wie f\u00fcr den K\u00f6lner Theaterpreis nominiert. Clash der Gehirne - Tanztheater\u2026","rel":"","context":"\u00c4hnlicher Beitrag","block_context":{"text":"\u00c4hnlicher Beitrag","link":""},"img":{"alt_text":"","src":"https:\/\/i0.wp.com\/faceensemble.com\/wp-content\/uploads\/2019\/03\/041_borders_cmeyer_originals.jpg?resize=350%2C200&ssl=1","width":350,"height":200,"srcset":"https:\/\/i0.wp.com\/faceensemble.com\/wp-content\/uploads\/2019\/03\/041_borders_cmeyer_originals.jpg?resize=350%2C200&ssl=1 1x, https:\/\/i0.wp.com\/faceensemble.com\/wp-content\/uploads\/2019\/03\/041_borders_cmeyer_originals.jpg?resize=525%2C300&ssl=1 1.5x, https:\/\/i0.wp.com\/faceensemble.com\/wp-content\/uploads\/2019\/03\/041_borders_cmeyer_originals.jpg?resize=700%2C400&ssl=1 2x, https:\/\/i0.wp.com\/faceensemble.com\/wp-content\/uploads\/2019\/03\/041_borders_cmeyer_originals.jpg?resize=1050%2C600&ssl=1 3x, https:\/\/i0.wp.com\/faceensemble.com\/wp-content\/uploads\/2019\/03\/041_borders_cmeyer_originals.jpg?resize=1400%2C800&ssl=1 4x"},"classes":[]}],"_links":{"self":[{"href":"https:\/\/faceensemble.com\/de\/wp-json\/wp\/v2\/pages\/5407","targetHints":{"allow":["GET"]}}],"collection":[{"href":"https:\/\/faceensemble.com\/de\/wp-json\/wp\/v2\/pages"}],"about":[{"href":"https:\/\/faceensemble.com\/de\/wp-json\/wp\/v2\/types\/page"}],"author":[{"embeddable":true,"href":"https:\/\/faceensemble.com\/de\/wp-json\/wp\/v2\/users\/12093239"}],"replies":[{"embeddable":true,"href":"https:\/\/faceensemble.com\/de\/wp-json\/wp\/v2\/comments?post=5407"}],"version-history":[{"count":1,"href":"https:\/\/faceensemble.com\/de\/wp-json\/wp\/v2\/pages\/5407\/revisions"}],"predecessor-version":[{"id":5408,"href":"https:\/\/faceensemble.com\/de\/wp-json\/wp\/v2\/pages\/5407\/revisions\/5408"}],"wp:featuredmedia":[{"embeddable":true,"href":"https:\/\/faceensemble.com\/de\/wp-json\/wp\/v2\/media\/3200"}],"wp:attachment":[{"href":"https:\/\/faceensemble.com\/de\/wp-json\/wp\/v2\/media?parent=5407"}],"wp:term":[{"taxonomy":"post_tag","embeddable":true,"href":"https:\/\/faceensemble.com\/de\/wp-json\/wp\/v2\/tags?post=5407"}],"curies":[{"name":"wp","href":"https:\/\/api.w.org\/{rel}","templated":true}]}}

LMN &#8211; Homage to László Moholy-Nagy

<p>This is just a short excerpt about your blog. &hellip; <a class="more-link" href="https://faceensemble.com/de/lmn-homage-to-laszlo-moholy-nagy/">Mehr <span class="screen-reader-text">LMN &#8211; Homage to László Moholy-Nagy</span></a></p>

Ähnlicher Beitrag

https://vimeo.com/348696507 please scroll down for the English version BORDERS.BIRDS - Homage to the bipolarity of the human being in Köln, Orangerie - Theater im Volksgarten Der Kölner Grenzgänger Kristóf Szabó inszeniert Genre übergreifend und wurde für den Kölner Tanz- wie für den Kölner Theaterpreis nominiert. Clash der Gehirne - Tanztheater…
