{"id":5575,"date":"2024-11-23T16:29:28","date_gmt":"2024-11-23T16:29:28","guid":{"rendered":"https:\/\/faceensemble.com\/?page_id=5575"},"modified":"2024-11-23T16:29:28","modified_gmt":"2024-11-23T16:29:28","slug":"https-wp-me-p7ootk-1p5-2","status":"publish","type":"page","link":"https:\/\/faceensemble.com\/de\/https-wp-me-p7ootk-1p5-2\/","title":{"rendered":"https:\/\/wp.me\/P7OOTK-1p5"},"content":{"rendered":"","protected":false},"excerpt":{"rendered":"","protected":false},"author":12093239,"featured_media":0,"parent":0,"menu_order":0,"comment_status":"closed","ping_status":"closed","template":"","meta":{"_coblocks_attr":"","_coblocks_dimensions":"","_coblocks_responsive_height":"","_coblocks_accordion_ie_support":"","advanced_seo_description":"","jetpack_seo_html_title":"","jetpack_seo_noindex":false,"jetpack_seo_schema_type":"","_wpcom_ai_launchpad_about_page":false,"_wpcom_ai_launchpad_gallery_page":false,"_wpcom_ai_launchpad_contact_page":false,"_wpcom_ai_launchpad_events_page":false,"_wpcom_ai_launchpad_video_page":false,"_wpcom_ai_launchpad_portfolio_piece":false,"footnotes":""},"tags":[],"class_list":["post-5575","page","type-page","status-publish","hentry"],"jetpack_likes_enabled":true,"jetpack_sharing_enabled":true,"jetpack_shortlink":"https:\/\/wp.me\/P7OOTK-1rV","jetpack-related-posts":[{"id":5397,"url":"https:\/\/faceensemble.com\/de\/videos\/","url_meta":{"origin":5575,"position":0},"title":"VIDEOs","author":"567cool","date":"4. Juli 2019","format":false,"excerpt":"REPERTOIRE contact: kristof-szabo@gmx.de https:\/\/vimeo.com\/823469814 SCANNING THE HOLY WITH DANCE - Is the soul a territory? DEN HEILIGEN BEREICH TANZEND ABTASTEN - Ist die Seele ein Territorium? T\u00e1nccal a szents\u00e9get f\u00fcrk\u00e9szve - A l\u00e9lek egy ter\u00fclet? First performance in April 2023, dance performance with XR-video-art to the music of Salvatore Sciarrino\u2026","rel":"","context":"\u00c4hnlicher Beitrag","block_context":{"text":"\u00c4hnlicher Beitrag","link":""},"img":{"alt_text":"","src":"","width":0,"height":0},"classes":[]},{"id":1278,"url":"https:\/\/faceensemble.com\/videos\/","url_meta":{"origin":5575,"position":1},"title":"VIDEOs","author":"567cool","date":"4. Juli 2019","format":false,"excerpt":"Daniel Defoe PEST IN LONDON am 25. & 26. September 2026 Rabbit Hole Theater Essen (Dauer 1 Stunde) TRAILER: Krist\u00f3f\u00a0Szab\u00f3 Showreel 2025 - 2015\u00a0 Krist\u00f3f Szab\u00f3 Showreel 2017 - 2020 Krist\u00f3f Szab\u00f3 ISMENE DANCING\u00a0 Trailer John Milton \/ Krist\u00f3f Szab\u00f3 LOST PARADISE Eva - Adam\u00a0\u00a0 Trailer: REPERTOIRE contact: kristof-szabo@gmx.de https:\/\/vimeo.com\/823469814\u2026","rel":"","context":"In \"contemporary theatre\"","block_context":{"text":"contemporary theatre","link":"https:\/\/faceensemble.com\/tag\/contemporary-theatre\/"},"img":{"alt_text":"","src":"https:\/\/videos.files.wordpress.com\/MbRZWU0g\/trailer-pest-in-london-clear_mp4.scrubthumb.jpg?w=350&h=200&crop=1","width":350,"height":200},"classes":[]},{"id":5405,"url":"https:\/\/faceensemble.com\/de\/archive\/lmn-light-motion-nature\/","url_meta":{"origin":5575,"position":2},"title":"LMN &#8211; Light, Motion, Nature","author":"567cool","date":"19. September 2016","format":false,"excerpt":"2th and 3th September 2016 LMN | LIGHT | MOTION | NATURE at BAUHAUS Fest in Dessau Link: http:\/\/www.bauhaus-dessau.de\/programm-2016.html After you opened the link please click to page 14 http:\/\/issuu.com\/bauhaus\/docs\/bauhausfest_programm_dinlang_web\/15?e=1420614\/37905875 see F.A.C.E. at 3:13 min.: https:\/\/youtu.be\/23rB1LbBE9Q?t=193","rel":"","context":"\u00c4hnlicher Beitrag","block_context":{"text":"\u00c4hnlicher Beitrag","link":""},"img":{"alt_text":"","src":"https:\/\/i0.wp.com\/img.youtube.com\/vi\/23rB1LbBE9Q\/0.jpg?resize=350%2C200","width":350,"height":200},"classes":[]},{"id":5,"url":"https:\/\/faceensemble.com\/archive\/","url_meta":{"origin":5575,"position":3},"title":"LMN &#8211; Homage to L\u00e1szl\u00f3 Moholy-Nagy","author":"ivo3d","date":"19. August 2016","format":false,"excerpt":"This is just a short excerpt about your blog.","rel":"","context":"\u00c4hnlicher Beitrag","block_context":{"text":"\u00c4hnlicher Beitrag","link":""},"img":{"alt_text":"","src":"https:\/\/i0.wp.com\/faceensemble.com\/wp-content\/uploads\/2016\/08\/cropped-cropped-louisxiv-reuterscrop.jpg?fit=1200%2C740&ssl=1&resize=350%2C200","width":350,"height":200,"srcset":"https:\/\/i0.wp.com\/faceensemble.com\/wp-content\/uploads\/2016\/08\/cropped-cropped-louisxiv-reuterscrop.jpg?fit=1200%2C740&ssl=1&resize=350%2C200 1x, https:\/\/i0.wp.com\/faceensemble.com\/wp-content\/uploads\/2016\/08\/cropped-cropped-louisxiv-reuterscrop.jpg?fit=1200%2C740&ssl=1&resize=525%2C300 1.5x, https:\/\/i0.wp.com\/faceensemble.com\/wp-content\/uploads\/2016\/08\/cropped-cropped-louisxiv-reuterscrop.jpg?fit=1200%2C740&ssl=1&resize=700%2C400 2x, https:\/\/i0.wp.com\/faceensemble.com\/wp-content\/uploads\/2016\/08\/cropped-cropped-louisxiv-reuterscrop.jpg?fit=1200%2C740&ssl=1&resize=1050%2C600 3x"},"classes":[]},{"id":5407,"url":"https:\/\/faceensemble.com\/de\/lmn-homage-to-laszlo-moholy-nagy\/","url_meta":{"origin":5575,"position":4},"title":"LMN &#8211; Homage to L\u00e1szl\u00f3 Moholy-Nagy","author":"567cool","date":"19. August 2016","format":false,"excerpt":"This is just a short excerpt about your blog.","rel":"","context":"\u00c4hnlicher Beitrag","block_context":{"text":"\u00c4hnlicher Beitrag","link":""},"img":{"alt_text":"","src":"https:\/\/i0.wp.com\/faceensemble.com\/wp-content\/uploads\/2016\/08\/cropped-cropped-louisxiv-reuterscrop.jpg?fit=1200%2C740&ssl=1&resize=350%2C200","width":350,"height":200,"srcset":"https:\/\/i0.wp.com\/faceensemble.com\/wp-content\/uploads\/2016\/08\/cropped-cropped-louisxiv-reuterscrop.jpg?fit=1200%2C740&ssl=1&resize=350%2C200 1x, https:\/\/i0.wp.com\/faceensemble.com\/wp-content\/uploads\/2016\/08\/cropped-cropped-louisxiv-reuterscrop.jpg?fit=1200%2C740&ssl=1&resize=525%2C300 1.5x, https:\/\/i0.wp.com\/faceensemble.com\/wp-content\/uploads\/2016\/08\/cropped-cropped-louisxiv-reuterscrop.jpg?fit=1200%2C740&ssl=1&resize=700%2C400 2x, https:\/\/i0.wp.com\/faceensemble.com\/wp-content\/uploads\/2016\/08\/cropped-cropped-louisxiv-reuterscrop.jpg?fit=1200%2C740&ssl=1&resize=1050%2C600 3x"},"classes":[]},{"id":143,"url":"https:\/\/faceensemble.com\/repertoire\/lmn-light-motion-nature\/","url_meta":{"origin":5575,"position":5},"title":"LMN &#8211; Light, Motion, Nature","author":"ivo3d","date":"19. September 2016","format":false,"excerpt":"2th and 3th September 2016 LMN | LIGHT | MOTION | NATURE at BAUHAUS Fest in Dessau Link: http:\/\/www.bauhaus-dessau.de\/programm-2016.html After you opened the link please click to page 14 http:\/\/issuu.com\/bauhaus\/docs\/bauhausfest_programm_dinlang_web\/15?e=1420614\/37905875 see F.A.C.E. at 3:13 min.: https:\/\/youtu.be\/23rB1LbBE9Q?t=193","rel":"","context":"In \"2016\"","block_context":{"text":"2016","link":"https:\/\/faceensemble.com\/tag\/2016\/"},"img":{"alt_text":"","src":"https:\/\/i0.wp.com\/img.youtube.com\/vi\/23rB1LbBE9Q\/0.jpg?resize=350%2C200","width":350,"height":200},"classes":[]}],"_links":{"self":[{"href":"https:\/\/faceensemble.com\/de\/wp-json\/wp\/v2\/pages\/5575","targetHints":{"allow":["GET"]}}],"collection":[{"href":"https:\/\/faceensemble.com\/de\/wp-json\/wp\/v2\/pages"}],"about":[{"href":"https:\/\/faceensemble.com\/de\/wp-json\/wp\/v2\/types\/page"}],"author":[{"embeddable":true,"href":"https:\/\/faceensemble.com\/de\/wp-json\/wp\/v2\/users\/12093239"}],"replies":[{"embeddable":true,"href":"https:\/\/faceensemble.com\/de\/wp-json\/wp\/v2\/comments?post=5575"}],"version-history":[{"count":1,"href":"https:\/\/faceensemble.com\/de\/wp-json\/wp\/v2\/pages\/5575\/revisions"}],"predecessor-version":[{"id":5581,"href":"https:\/\/faceensemble.com\/de\/wp-json\/wp\/v2\/pages\/5575\/revisions\/5581"}],"wp:attachment":[{"href":"https:\/\/faceensemble.com\/de\/wp-json\/wp\/v2\/media?parent=5575"}],"wp:term":[{"taxonomy":"post_tag","embeddable":true,"href":"https:\/\/faceensemble.com\/de\/wp-json\/wp\/v2\/tags?post=5575"}],"curies":[{"name":"wp","href":"https:\/\/api.w.org\/{rel}","templated":true}]}}

REPERTOIRE contact: kristof-szabo@gmx.de https://vimeo.com/823469814 SCANNING THE HOLY WITH DANCE - Is the soul a territory? DEN HEILIGEN BEREICH TANZEND ABTASTEN - Ist die Seele ein Territorium? Tánccal a szentséget fürkészve - A lélek egy terület? First performance in April 2023, dance performance with XR-video-art to the music of Salvatore Sciarrino…

Ähnlicher Beitrag

Daniel Defoe PEST IN LONDON am 25. & 26. September 2026 Rabbit Hole Theater Essen (Dauer 1 Stunde) TRAILER: Kristóf Szabó Showreel 2025 - 2015  Kristóf Szabó Showreel 2017 - 2020 Kristóf Szabó ISMENE DANCING  Trailer John Milton / Kristóf Szabó LOST PARADISE Eva - Adam   Trailer: REPERTOIRE contact: kristof-szabo@gmx.de https://vimeo.com/823469814…

LMN &#8211; Homage to László Moholy-Nagy
